CRAN Package Check Results for Package liayson

Last updated on 2022-01-17 09:56:02 CET.

Flavor Version Tinstall Tcheck Ttotal Status Flags
r-devel-linux-x86_64-debian-clang 1.0.4 32.93 309.07 342.00 OK
r-devel-linux-x86_64-debian-gcc 1.0.4 26.24 234.19 260.43 OK
r-devel-linux-x86_64-fedora-clang 1.0.4 418.09 OK
r-devel-linux-x86_64-fedora-gcc 1.0.4 399.96 OK
r-devel-windows-x86_64-new-UL 1.0.4 54.00 311.00 365.00 OK
r-devel-windows-x86_64-new-TK 1.0.4 OK
r-patched-linux-x86_64 1.0.4 35.93 296.16 332.09 OK
r-release-linux-x86_64 1.0.4 OK
r-release-macos-arm64 1.0.4 OK
r-release-macos-x86_64 1.0.4 NOTE
r-release-windows-ix86+x86_64 1.0.4 3.00 8.00 11.00 ERROR
r-oldrel-macos-x86_64 1.0.4 OK
r-oldrel-windows-ix86+x86_64 1.0.4 73.00 362.00 435.00 OK

Check Details

Version: 1.0.4
Check: re-building of vignette outputs
Result: NOTE
    Error(s) in re-building vignettes:
     ...
    --- re-building ‘liayson.Rnw’ using Sweave
    Ensembl site unresponsive, trying uswest mirror
    
    Error: processing vignette 'liayson.Rnw' failed with diagnostics:
     chunk 1
    Error in readRDS(bfc[[rid]]) : unknown input format
    
    --- failed re-building ‘liayson.Rnw’
    
    SUMMARY: processing the following file failed:
     ‘liayson.Rnw’
    
    Error: Vignette re-building failed.
    Execution halted
Flavor: r-release-macos-x86_64

Version: 1.0.4
Check: whether package can be installed
Result: ERROR
    Installation failed.
Flavor: r-release-windows-ix86+x86_64