Last updated on 2024-03-28 10:49:38 CET.
Flavor | Version | Tinstall | Tcheck | Ttotal | Status | Flags |
---|---|---|---|---|---|---|
r-devel-linux-x86_64-debian-clang | 0.4.1 | 4.29 | 51.52 | 55.81 | NOTE | |
r-devel-linux-x86_64-debian-gcc | 0.4.1 | 4.27 | 38.14 | 42.41 | NOTE | |
r-devel-linux-x86_64-fedora-clang | 0.4.1 | 68.53 | NOTE | |||
r-devel-linux-x86_64-fedora-gcc | 0.4.1 | 68.75 | NOTE | |||
r-devel-windows-x86_64 | 0.4.1 | 5.00 | 61.00 | 66.00 | NOTE | |
r-patched-linux-x86_64 | 0.4.1 | 4.14 | 50.36 | 54.50 | NOTE | |
r-release-linux-x86_64 | 0.4.1 | 3.13 | 48.88 | 52.01 | NOTE | |
r-release-macos-arm64 | 0.4.1 | 25.00 | NOTE | |||
r-release-macos-x86_64 | 0.4.1 | 36.00 | NOTE | |||
r-release-windows-x86_64 | 0.4.1 | 7.00 | 65.00 | 72.00 | NOTE | |
r-oldrel-macos-arm64 | 0.4.1 | 20.00 | NOTE | |||
r-oldrel-windows-x86_64 | 0.4.1 | 7.00 | 63.00 | 70.00 | NOTE |
Version: 0.4.1
Check: LazyData
Result: NOTE
'LazyData' is specified without a 'data' directory
Flavors: r-devel-linux-x86_64-debian-clang, r-devel-linux-x86_64-debian-gcc, r-devel-linux-x86_64-fedora-clang, r-devel-linux-x86_64-fedora-gcc, r-devel-windows-x86_64, r-patched-linux-x86_64, r-release-linux-x86_64, r-release-macos-arm64, r-release-macos-x86_64, r-release-windows-x86_64, r-oldrel-macos-arm64, r-oldrel-windows-x86_64