CRAN Package Check Results for Package letsR

Last updated on 2020-08-04 09:48:31 CEST.

Flavor Version Tinstall Tcheck Ttotal Status Flags
r-devel-linux-x86_64-debian-clang 3.2 14.09 173.20 187.29 OK
r-devel-linux-x86_64-debian-gcc 3.2 12.79 128.05 140.84 OK
r-devel-linux-x86_64-fedora-clang 3.2 229.43 OK
r-devel-linux-x86_64-fedora-gcc 3.2 218.02 OK
r-devel-windows-ix86+x86_64 3.2 41.00 188.00 229.00 OK
r-patched-linux-x86_64 3.2 13.47 166.57 180.04 OK
r-patched-solaris-x86 3.2 4.90 ERROR
r-release-linux-x86_64 3.2 13.56 167.59 181.15 OK
r-release-macos-x86_64 3.2 OK
r-release-windows-ix86+x86_64 3.2 46.00 254.00 300.00 OK
r-oldrel-macos-x86_64 3.2 OK
r-oldrel-windows-ix86+x86_64 3.2 25.00 180.00 205.00 OK

Check Details

Version: 3.2
Check: package dependencies
Result: ERROR
    Package required but not available: ‘rgdal’
    
    See section ‘The DESCRIPTION file’ in the ‘Writing R Extensions’
    manual.
Flavor: r-patched-solaris-x86