CRAN Package Check Results for Package leanpubr

Last updated on 2023-02-03 09:55:36 CET.

Flavor Version Tinstall Tcheck Ttotal Status Flags
r-devel-linux-x86_64-debian-clang 0.3.1 2.62 31.76 34.38 NOTE
r-devel-linux-x86_64-debian-gcc 0.3.1 1.96 24.60 26.56 NOTE
r-devel-linux-x86_64-fedora-clang 0.3.1 44.01 NOTE
r-devel-linux-x86_64-fedora-gcc 0.3.1 54.57 NOTE
r-devel-windows-x86_64 0.3.1 19.00 75.00 94.00 NOTE
r-patched-linux-x86_64 0.3.1 5.58 31.55 37.13 NOTE
r-release-linux-x86_64 0.3.1 2.58 31.98 34.56 NOTE
r-release-macos-arm64 0.3.1 21.00 NOTE
r-release-macos-x86_64 0.3.1 27.00 NOTE
r-release-windows-x86_64 0.3.1 18.00 76.00 94.00 NOTE
r-oldrel-macos-arm64 0.3.1 27.00 NOTE
r-oldrel-macos-x86_64 0.3.1 30.00 NOTE
r-oldrel-windows-ix86+x86_64 0.3.1 6.00 61.00 67.00 NOTE

Check Details

Version: 0.3.1
Check: LazyData
Result: NOTE
     'LazyData' is specified without a 'data' directory
Flavors: r-devel-linux-x86_64-debian-clang, r-devel-linux-x86_64-debian-gcc, r-devel-linux-x86_64-fedora-clang, r-devel-linux-x86_64-fedora-gcc, r-devel-windows-x86_64, r-patched-linux-x86_64, r-release-linux-x86_64, r-release-macos-arm64, r-release-macos-x86_64, r-release-windows-x86_64, r-oldrel-macos-arm64, r-oldrel-macos-x86_64, r-oldrel-windows-ix86+x86_64