CRAN Package Check Results for Package leaflet.extras2

Last updated on 2020-08-13 09:49:01 CEST.

Flavor Version Tinstall Tcheck Ttotal Status Flags
r-devel-linux-x86_64-debian-clang 1.0.0 4.37 39.01 43.38 OK
r-devel-linux-x86_64-debian-gcc 1.0.0 3.11 30.95 34.06 OK
r-devel-linux-x86_64-fedora-clang 1.0.0 59.71 NOTE
r-devel-linux-x86_64-fedora-gcc 1.0.0 50.19 NOTE
r-devel-windows-ix86+x86_64 1.0.0 17.00 67.00 84.00 OK
r-patched-linux-x86_64 1.0.0 4.13 38.82 42.95 OK
r-patched-solaris-x86 1.0.0 74.60 NOTE
r-release-linux-x86_64 1.0.0 2.97 38.61 41.58 OK
r-release-macos-x86_64 1.0.0 NOTE
r-release-windows-ix86+x86_64 1.0.0 15.00 89.00 104.00 OK
r-oldrel-macos-x86_64 1.0.0 NOTE
r-oldrel-windows-ix86+x86_64 1.0.0 10.00 55.00 65.00 OK

Check Details

Version: 1.0.0
Check: dependencies in R code
Result: NOTE
    Namespace in Imports field not imported from: ‘htmlwidgets’
     All declared Imports should be used.
Flavors: r-devel-linux-x86_64-fedora-clang, r-devel-linux-x86_64-fedora-gcc, r-patched-solaris-x86, r-release-macos-x86_64, r-oldrel-macos-x86_64