CRAN Package Check Results for Package lcsm

Last updated on 2022-10-04 10:49:36 CEST.

Flavor Version Tinstall Tcheck Ttotal Status Flags
r-devel-linux-x86_64-debian-clang 0.1.2 5.09 100.83 105.92 OK
r-devel-linux-x86_64-debian-gcc 0.1.2 3.85 75.01 78.86 OK
r-devel-linux-x86_64-fedora-clang 0.1.2 137.90 NOTE
r-devel-linux-x86_64-fedora-gcc 0.1.2 129.47 NOTE
r-devel-windows-x86_64 0.1.2 18.00 143.00 161.00 OK
r-patched-linux-x86_64 0.1.2 4.42 94.81 99.23 OK
r-release-linux-x86_64 0.1.2 3.42 94.73 98.15 OK
r-release-macos-arm64 0.1.2 45.00 NOTE
r-release-macos-x86_64 0.1.2 69.00 NOTE
r-release-windows-x86_64 0.1.2 10.00 138.00 148.00 OK
r-oldrel-macos-arm64 0.1.2 57.00 NOTE
r-oldrel-macos-x86_64 0.1.2 78.00 NOTE
r-oldrel-windows-ix86+x86_64 0.1.2 14.00 135.00 149.00 OK

Check Details

Version: 0.1.2
Check: dependencies in R code
Result: NOTE
    Namespaces in Imports field not imported from:
     ‘data.table’ ‘utf8’
     All declared Imports should be used.
Flavors: r-devel-linux-x86_64-fedora-clang, r-devel-linux-x86_64-fedora-gcc, r-release-macos-arm64, r-release-macos-x86_64, r-oldrel-macos-arm64, r-oldrel-macos-x86_64