Last updated on 2023-01-28 10:51:32 CET.
Flavor | Version | Tinstall | Tcheck | Ttotal | Status | Flags |
---|---|---|---|---|---|---|
r-devel-linux-x86_64-debian-clang | 0.3.7 | 4.67 | 57.47 | 62.14 | NOTE | |
r-devel-linux-x86_64-debian-gcc | 0.3.7 | 4.09 | 44.04 | 48.13 | NOTE | |
r-devel-linux-x86_64-fedora-clang | 0.3.7 | 78.67 | NOTE | |||
r-devel-linux-x86_64-fedora-gcc | 0.3.7 | 90.62 | NOTE | |||
r-devel-windows-x86_64 | 0.3.7 | 31.00 | 90.00 | 121.00 | NOTE | |
r-patched-linux-x86_64 | 0.3.7 | 4.79 | 55.90 | 60.69 | OK | |
r-release-linux-x86_64 | 0.3.7 | 6.01 | 56.92 | 62.93 | OK | |
r-release-macos-arm64 | 0.3.7 | 28.00 | OK | |||
r-release-macos-x86_64 | 0.3.7 | 60.00 | OK | |||
r-release-windows-x86_64 | 0.3.7 | 23.00 | 97.00 | 120.00 | OK | |
r-oldrel-macos-arm64 | 0.3.7 | 36.00 | OK | |||
r-oldrel-macos-x86_64 | 0.3.7 | 40.00 | OK | |||
r-oldrel-windows-ix86+x86_64 | 0.3.7 | 16.00 | 87.00 | 103.00 | OK |
Version: 0.3.7
Check: package subdirectories
Result: NOTE
Problems with news in ‘NEWS.md’:
Cannot extract version info from the following section titles:
lcars.0.3.1
Flavors: r-devel-linux-x86_64-debian-clang, r-devel-linux-x86_64-debian-gcc, r-devel-linux-x86_64-fedora-clang, r-devel-linux-x86_64-fedora-gcc, r-devel-windows-x86_64