CRAN Package Check Results for Package lawstat

Last updated on 2022-12-07 10:50:02 CET.

Flavor Version Tinstall Tcheck Ttotal Status Flags
r-devel-linux-x86_64-debian-clang 3.5 6.63 58.63 65.26 OK
r-devel-linux-x86_64-debian-gcc 3.5 4.97 44.42 49.39 OK
r-devel-linux-x86_64-fedora-clang 3.5 90.56 NOTE
r-devel-linux-x86_64-fedora-gcc 3.5 87.01 OK
r-devel-windows-x86_64 3.5 19.00 92.00 111.00 OK
r-patched-linux-x86_64 3.5 7.43 52.09 59.52 OK
r-release-linux-x86_64 3.5 7.63 51.88 59.51 OK
r-release-macos-arm64 3.5 24.00 OK
r-release-macos-x86_64 3.5 37.00 OK
r-release-windows-x86_64 3.5 25.00 84.00 109.00 OK
r-oldrel-macos-arm64 3.5 23.00 OK
r-oldrel-macos-x86_64 3.5 39.00 OK
r-oldrel-windows-ix86+x86_64 3.5 13.00 77.00 90.00 OK

Check Details

Version: 3.5
Check: Rd cross-references
Result: NOTE
    Undeclared package ‘tseries’ in Rd xrefs
Flavor: r-devel-linux-x86_64-fedora-clang