Last updated on 2024-04-23 10:54:07 CEST.
Flavor | Version | Tinstall | Tcheck | Ttotal | Status | Flags |
---|---|---|---|---|---|---|
r-devel-linux-x86_64-debian-clang | 0.8.1 | 7.07 | 74.00 | 81.07 | OK | |
r-devel-linux-x86_64-debian-gcc | 0.8.1 | 5.41 | 54.94 | 60.35 | OK | |
r-devel-linux-x86_64-fedora-clang | 0.8.1 | 100.81 | NOTE | |||
r-devel-linux-x86_64-fedora-gcc | 0.8.1 | 107.73 | OK | |||
r-prerel-macos-arm64 | 0.8.1 | 43.00 | NOTE | |||
r-prerel-macos-x86_64 | 0.8.1 | 93.00 | NOTE | |||
r-prerel-windows-x86_64 | 0.8.1 | 9.00 | 77.00 | 86.00 | NOTE | |
r-patched-linux-x86_64 | 0.8.1 | 6.97 | 70.49 | 77.46 | OK | |
r-release-linux-x86_64 | 0.8.1 | 4.06 | 67.73 | 71.79 | OK | |
r-release-macos-arm64 | 0.8.1 | 46.00 | NOTE | |||
r-release-macos-x86_64 | 0.8.1 | 81.00 | NOTE | |||
r-release-windows-x86_64 | 0.8.1 | 11.00 | 87.00 | 98.00 | NOTE | |
r-oldrel-macos-arm64 | 0.8.1 | 48.00 | NOTE | |||
r-oldrel-windows-x86_64 | 0.8.1 | 9.00 | 92.00 | 101.00 | NOTE |
Version: 0.8.1
Check: installed package size
Result: NOTE
installed size is 6.5Mb
sub-directories of 1Mb or more:
doc 6.4Mb
Flavors: r-devel-linux-x86_64-fedora-clang, r-prerel-macos-arm64, r-prerel-macos-x86_64, r-prerel-windows-x86_64, r-release-macos-arm64, r-release-macos-x86_64, r-release-windows-x86_64, r-oldrel-macos-arm64, r-oldrel-windows-x86_64