Last updated on 2024-05-11 09:51:23 CEST.
Flavor | Version | Tinstall | Tcheck | Ttotal | Status | Flags |
---|---|---|---|---|---|---|
r-devel-linux-x86_64-debian-clang | 0.2.1 | 10.82 | 70.65 | 81.47 | NOTE | |
r-devel-linux-x86_64-debian-gcc | 0.2.1 | 6.77 | 51.62 | 58.39 | NOTE | |
r-devel-linux-x86_64-fedora-clang | 0.2.1 | 99.21 | NOTE | |||
r-devel-linux-x86_64-fedora-gcc | 0.2.1 | 140.65 | NOTE | |||
r-devel-windows-x86_64 | 0.2.1 | 10.00 | 74.00 | 84.00 | NOTE | |
r-patched-linux-x86_64 | 0.2.1 | 11.77 | 67.26 | 79.03 | NOTE | |
r-release-linux-x86_64 | 0.2.1 | 6.11 | 65.56 | 71.67 | NOTE | |
r-release-macos-arm64 | 0.2.1 | 31.00 | NOTE | |||
r-release-windows-x86_64 | 0.2.1 | 10.00 | 71.00 | 81.00 | NOTE | |
r-oldrel-macos-arm64 | 0.2.1 | 31.00 | NOTE | |||
r-oldrel-macos-x86_64 | 0.2.1 | 49.00 | NOTE | |||
r-oldrel-windows-x86_64 | 0.2.1 | 13.00 | 78.00 | 91.00 | NOTE |
Version: 0.2.1
Check: LazyData
Result: NOTE
'LazyData' is specified without a 'data' directory
Flavors: r-devel-linux-x86_64-debian-clang, r-devel-linux-x86_64-debian-gcc, r-devel-linux-x86_64-fedora-clang, r-devel-linux-x86_64-fedora-gcc, r-devel-windows-x86_64, r-patched-linux-x86_64, r-release-linux-x86_64, r-release-macos-arm64, r-release-windows-x86_64, r-oldrel-macos-arm64, r-oldrel-macos-x86_64, r-oldrel-windows-x86_64