Last updated on 2024-04-19 10:57:28 CEST.
Flavor | Version | Tinstall | Tcheck | Ttotal | Status | Flags |
---|---|---|---|---|---|---|
r-devel-linux-x86_64-debian-clang | 1.4.0 | 102.87 | 227.00 | 329.87 | OK | |
r-devel-linux-x86_64-debian-gcc | 1.4.0 | OK | ||||
r-devel-linux-x86_64-fedora-clang | 1.4.0 | 438.04 | OK | |||
r-devel-linux-x86_64-fedora-gcc | 1.4.0 | 434.12 | OK | |||
r-prerel-macos-arm64 | 1.4.0 | 119.00 | NOTE | |||
r-prerel-macos-x86_64 | 1.4.0 | 276.00 | NOTE | |||
r-prerel-windows-x86_64 | 1.4.0 | 80.00 | 231.00 | 311.00 | NOTE | |
r-patched-linux-x86_64 | 1.4.0 | 80.37 | 210.82 | 291.19 | OK | |
r-release-linux-x86_64 | 1.4.0 | 77.53 | 217.38 | 294.91 | OK | |
r-release-macos-arm64 | 1.4.0 | 139.00 | NOTE | |||
r-release-macos-x86_64 | 1.4.0 | 250.00 | NOTE | |||
r-release-windows-x86_64 | 1.4.0 | 100.00 | 278.00 | 378.00 | NOTE | |
r-oldrel-macos-arm64 | 1.4.0 | 114.00 | NOTE | |||
r-oldrel-windows-x86_64 | 1.4.0 | 98.00 | 257.00 | 355.00 | NOTE |
Version: 1.4.0
Check: installed package size
Result: NOTE
installed size is 9.8Mb
sub-directories of 1Mb or more:
doc 1.8Mb
libs 5.7Mb
Flavors: r-prerel-macos-arm64, r-prerel-macos-x86_64, r-prerel-windows-x86_64, r-release-macos-arm64, r-release-macos-x86_64, r-release-windows-x86_64, r-oldrel-macos-arm64, r-oldrel-windows-x86_64