Last updated on 2023-02-07 10:54:01 CET.
Flavor | Version | Tinstall | Tcheck | Ttotal | Status | Flags |
---|---|---|---|---|---|---|
r-devel-linux-x86_64-debian-clang | 1.5.5 | 173.66 | 601.48 | 775.14 | NOTE | |
r-devel-linux-x86_64-debian-gcc | 1.5.5 | 129.95 | 451.36 | 581.31 | NOTE | |
r-devel-linux-x86_64-fedora-clang | 1.5.5 | 989.14 | NOTE | |||
r-devel-linux-x86_64-fedora-gcc | 1.5.5 | 997.68 | NOTE | |||
r-devel-windows-x86_64 | 1.5.5 | 657.00 | 737.00 | 1394.00 | NOTE | |
r-patched-linux-x86_64 | 1.5.5 | 148.53 | 579.54 | 728.07 | OK | |
r-release-linux-x86_64 | 1.5.5 | 137.30 | 578.14 | 715.44 | OK | |
r-release-macos-arm64 | 1.5.5 | 266.00 | NOTE | |||
r-release-macos-x86_64 | 1.5.5 | 288.00 | NOTE | |||
r-release-windows-x86_64 | 1.5.5 | 291.00 | 698.00 | 989.00 | OK | |
r-oldrel-macos-arm64 | 1.5.5 | 244.00 | NOTE | |||
r-oldrel-macos-x86_64 | 1.5.5 | 281.00 | NOTE | |||
r-oldrel-windows-ix86+x86_64 | 1.5.5 | 406.00 | 1052.00 | 1458.00 | OK |
Version: 1.5.5
Check: C++ specification
Result: NOTE
Specified C++11: please update to current default of C++17
Flavors: r-devel-linux-x86_64-debian-clang, r-devel-linux-x86_64-debian-gcc, r-devel-linux-x86_64-fedora-clang, r-devel-windows-x86_64
Version: 1.5.5
Check: C++ specification
Result: NOTE
Specified C++11: please drop specification unless essential
Flavor: r-devel-linux-x86_64-fedora-gcc
Version: 1.5.5
Check: installed package size
Result: NOTE
installed size is 5.5Mb
sub-directories of 1Mb or more:
libs 3.8Mb
Flavors: r-release-macos-arm64, r-release-macos-x86_64, r-oldrel-macos-arm64, r-oldrel-macos-x86_64