Last updated on 2024-05-11 09:51:23 CEST.
Flavor | Version | Tinstall | Tcheck | Ttotal | Status | Flags |
---|---|---|---|---|---|---|
r-devel-linux-x86_64-debian-clang | 0.2 | 16.20 | 231.48 | 247.68 | OK | |
r-devel-linux-x86_64-debian-gcc | 0.2 | 17.16 | 154.13 | 171.29 | OK | |
r-devel-linux-x86_64-fedora-clang | 0.2 | 303.28 | NOTE | |||
r-devel-linux-x86_64-fedora-gcc | 0.2 | 429.91 | OK | |||
r-devel-windows-x86_64 | 0.2 | 18.00 | 131.00 | 149.00 | OK | |
r-patched-linux-x86_64 | 0.2 | 24.66 | 212.12 | 236.78 | OK | |
r-release-linux-x86_64 | 0.2 | 23.46 | 209.33 | 232.79 | OK | |
r-release-macos-arm64 | 0.2 | 61.00 | OK | |||
r-release-windows-x86_64 | 0.2 | 18.00 | 131.00 | 149.00 | OK | |
r-oldrel-macos-arm64 | 0.2 | 143.00 | OK | |||
r-oldrel-macos-x86_64 | 0.2 | 187.00 | OK | |||
r-oldrel-windows-x86_64 | 0.2 | 26.00 | 170.00 | 196.00 | OK |
Version: 0.2
Check: Rd cross-references
Result: NOTE
Undeclared package ‘raster’ in Rd xrefs
Flavor: r-devel-linux-x86_64-fedora-clang