Last updated on 2024-05-09 10:49:54 CEST.
Flavor | Version | Tinstall | Tcheck | Ttotal | Status | Flags |
---|---|---|---|---|---|---|
r-devel-linux-x86_64-debian-clang | 0.3.1 | 119.65 | 92.15 | 211.80 | OK | |
r-devel-linux-x86_64-debian-gcc | 0.3.1 | 86.70 | 61.16 | 147.86 | OK | |
r-devel-linux-x86_64-fedora-clang | 0.3.1 | 254.73 | OK | |||
r-devel-linux-x86_64-fedora-gcc | 0.3.1 | 319.18 | OK | |||
r-devel-windows-x86_64 | 0.3.1 | 74.00 | 101.00 | 175.00 | OK | |
r-patched-linux-x86_64 | 0.3.1 | 94.35 | 83.12 | 177.47 | OK | |
r-release-linux-x86_64 | 0.3.1 | 116.43 | 83.94 | 200.37 | OK | |
r-release-macos-arm64 | 0.3.1 | 62.00 | NOTE | |||
r-release-windows-x86_64 | 0.3.1 | 74.00 | 98.00 | 172.00 | OK | |
r-oldrel-macos-arm64 | 0.3.1 | 66.00 | NOTE | |||
r-oldrel-macos-x86_64 | 0.3.1 | 193.00 | NOTE | |||
r-oldrel-windows-x86_64 | 0.3.1 | 95.00 | 119.00 | 214.00 | OK |
Version: 0.3.1
Check: installed package size
Result: NOTE
installed size is 8.4Mb
sub-directories of 1Mb or more:
libs 8.2Mb
Flavors: r-release-macos-arm64, r-oldrel-macos-arm64, r-oldrel-macos-x86_64