Last updated on 2024-04-19 10:57:28 CEST.
Flavor | Version | Tinstall | Tcheck | Ttotal | Status | Flags |
---|---|---|---|---|---|---|
r-devel-linux-x86_64-debian-clang | 1.0.1 | 13.86 | 258.27 | 272.13 | NOTE | |
r-devel-linux-x86_64-debian-gcc | 1.0.1 | NOTE | ||||
r-devel-linux-x86_64-fedora-clang | 1.0.1 | 342.44 | NOTE | |||
r-devel-linux-x86_64-fedora-gcc | 1.0.1 | 382.77 | NOTE | |||
r-prerel-macos-arm64 | 1.0.1 | 113.00 | NOTE | |||
r-prerel-macos-x86_64 | 1.0.1 | 226.00 | NOTE | |||
r-prerel-windows-x86_64 | 1.0.1 | 15.00 | 216.00 | 231.00 | NOTE | |
r-patched-linux-x86_64 | 1.0.1 | 17.91 | 282.30 | 300.21 | NOTE | |
r-release-linux-x86_64 | 1.0.1 | 17.20 | 284.31 | 301.51 | NOTE | |
r-release-macos-arm64 | 1.0.1 | 99.00 | NOTE | |||
r-release-macos-x86_64 | 1.0.1 | 221.00 | NOTE | |||
r-release-windows-x86_64 | 1.0.1 | 18.00 | 271.00 | 289.00 | NOTE | |
r-oldrel-macos-arm64 | 1.0.1 | 119.00 | NOTE | |||
r-oldrel-windows-x86_64 | 1.0.1 | 17.00 | 276.00 | 293.00 | NOTE |
Version: 1.0.1
Check: Rd files
Result: NOTE
checkRd: (-1) hsic.perm.Rd:36: Lost braces; missing escapes or markup?
36 | Let x and y be two samples of length n. Gram matrices K and L are defined as: \eqn{K_{i,j} = \exp\frac{(x_i-x_j)^2}{\sigma^2}}{K_{i,j} =exp((x_i-x_j)^2/sig^2)} and \eqn{L_{i,j} = \exp\frac{(y_i-y_j)^2}{\sigma^2}}{L_{i,j} =exp((y_i-y_j)^2/sig^2)}. \eqn{H_{i,j} = \delta_{i,j} - \frac{1}{n}}{H_{i,j} = \delta_{i,j} - 1/n}. Let \eqn{A=HKH} and \eqn{B=HLH}, then \eqn{HSIC(x,y)=\frac{1}{n^2}Tr(AB)}{HSIC(x,y)=Tr(AB)/n^2}. Permutation test permutes y p times to get \eqn{y_{(p)}} and calculates HSIC(x,y_{(p)}). \eqn{pval = \frac{1(HSIC(x,y)>HSIC(x,y_{(p)}))}{p}}{(HSIC(x,y)>HSIC(x,y_{(p)}))/p}.
| ^
Flavors: r-devel-linux-x86_64-debian-clang, r-devel-linux-x86_64-debian-gcc, r-devel-linux-x86_64-fedora-clang, r-devel-linux-x86_64-fedora-gcc, r-prerel-macos-arm64, r-prerel-windows-x86_64, r-patched-linux-x86_64
Version: 1.0.1
Check: LazyData
Result: NOTE
'LazyData' is specified without a 'data' directory
Flavors: r-devel-linux-x86_64-debian-clang, r-devel-linux-x86_64-debian-gcc, r-devel-linux-x86_64-fedora-clang, r-devel-linux-x86_64-fedora-gcc, r-prerel-macos-arm64, r-prerel-macos-x86_64, r-prerel-windows-x86_64, r-patched-linux-x86_64, r-release-linux-x86_64, r-release-macos-arm64, r-release-macos-x86_64, r-release-windows-x86_64, r-oldrel-macos-arm64, r-oldrel-windows-x86_64