CRAN Package Check Results for Package kokudosuuchi

Last updated on 2020-09-29 09:48:59 CEST.

Flavor Version Tinstall Tcheck Ttotal Status Flags
r-devel-linux-x86_64-debian-clang 0.4.2 4.16 40.80 44.96 OK
r-devel-linux-x86_64-debian-gcc 0.4.2 3.54 31.24 34.78 OK
r-devel-linux-x86_64-fedora-clang 0.4.2 62.70 NOTE
r-devel-linux-x86_64-fedora-gcc 0.4.2 53.02 NOTE
r-devel-windows-ix86+x86_64 0.4.2 9.00 56.00 65.00 OK
r-patched-linux-x86_64 0.4.2 4.26 38.24 42.50 OK
r-patched-solaris-x86 0.4.2 81.40 NOTE
r-release-linux-x86_64 0.4.2 4.33 38.73 43.06 OK
r-release-macos-x86_64 0.4.2 NOTE
r-release-windows-ix86+x86_64 0.4.2 11.00 56.00 67.00 OK
r-oldrel-macos-x86_64 0.4.2 NOTE
r-oldrel-windows-ix86+x86_64 0.4.2 9.00 55.00 64.00 OK

Check Details

Version: 0.4.2
Check: data for non-ASCII characters
Result: NOTE
     Note: found 52458 marked UTF-8 strings
Flavors: r-devel-linux-x86_64-fedora-clang, r-devel-linux-x86_64-fedora-gcc, r-patched-solaris-x86, r-release-macos-x86_64, r-oldrel-macos-x86_64