CRAN Package Check Results for Package klaR

Last updated on 2022-01-16 10:48:35 CET.

Flavor Version Tinstall Tcheck Ttotal Status Flags
r-devel-linux-x86_64-debian-clang 0.6-15 13.31 137.66 150.97 OK
r-devel-linux-x86_64-debian-gcc 0.6-15 12.63 101.64 114.27 OK
r-devel-linux-x86_64-fedora-clang 0.6-15 180.92 NOTE
r-devel-linux-x86_64-fedora-gcc 0.6-15 176.63 OK
r-devel-windows-x86_64-new-UL 0.6-15 63.00 153.00 216.00 OK
r-devel-windows-x86_64-new-TK 0.6-15 OK
r-patched-linux-x86_64 0.6-15 14.31 133.40 147.71 OK
r-release-linux-x86_64 0.6-15 OK
r-release-macos-arm64 0.6-15 OK
r-release-macos-x86_64 0.6-15 OK
r-release-windows-ix86+x86_64 0.6-15 27.00 154.00 181.00 OK
r-oldrel-macos-x86_64 0.6-15 OK
r-oldrel-windows-ix86+x86_64 0.6-15 27.00 157.00 184.00 OK

Additional issues

MKL

Check Details

Version: 0.6-15
Check: Rd cross-references
Result: NOTE
    Undeclared packages ‘clustMixType’, ‘randomForest’, ‘ClustVarLV’ in Rd xrefs
Flavor: r-devel-linux-x86_64-fedora-clang