CRAN Package Check Results for Package kgschart

Last updated on 2023-01-28 10:51:32 CET.

Flavor Version Tinstall Tcheck Ttotal Status Flags
r-devel-linux-x86_64-debian-clang 1.3.5 3.41 43.93 47.34 NOTE
r-devel-linux-x86_64-debian-gcc 1.3.5 2.52 33.48 36.00 NOTE
r-devel-linux-x86_64-fedora-clang 1.3.5 58.78 NOTE
r-devel-linux-x86_64-fedora-gcc 1.3.5 55.95 NOTE
r-devel-windows-x86_64 1.3.5 50.00 74.00 124.00 NOTE
r-patched-linux-x86_64 1.3.5 2.81 43.53 46.34 NOTE
r-release-linux-x86_64 1.3.5 3.59 44.08 47.67 NOTE
r-release-macos-arm64 1.3.5 22.00 NOTE
r-release-macos-x86_64 1.3.5 40.00 NOTE
r-release-windows-x86_64 1.3.5 44.00 77.00 121.00 NOTE
r-oldrel-macos-arm64 1.3.5 39.00 NOTE
r-oldrel-macos-x86_64 1.3.5 45.00 NOTE
r-oldrel-windows-ix86+x86_64 1.3.5 9.00 77.00 86.00 NOTE

Check Details

Version: 1.3.5
Check: LazyData
Result: NOTE
     'LazyData' is specified without a 'data' directory
Flavors: r-devel-linux-x86_64-debian-clang, r-devel-linux-x86_64-debian-gcc, r-devel-linux-x86_64-fedora-clang, r-devel-linux-x86_64-fedora-gcc, r-devel-windows-x86_64, r-patched-linux-x86_64, r-release-linux-x86_64, r-release-macos-arm64, r-release-macos-x86_64, r-release-windows-x86_64, r-oldrel-macos-arm64, r-oldrel-macos-x86_64, r-oldrel-windows-ix86+x86_64