CRAN Package Check Results for Package karaoke

Last updated on 2023-01-31 10:52:13 CET.

Flavor Version Tinstall Tcheck Ttotal Status Flags
r-devel-linux-x86_64-debian-clang 1.0 3.13 35.27 38.40 NOTE
r-devel-linux-x86_64-debian-gcc 1.0 2.83 26.83 29.66 NOTE
r-devel-linux-x86_64-fedora-clang 1.0 47.58 NOTE
r-devel-linux-x86_64-fedora-gcc 1.0 45.74 NOTE
r-devel-windows-x86_64 1.0 11.00 60.00 71.00 OK
r-patched-linux-x86_64 1.0 3.67 34.54 38.21 NOTE
r-release-linux-x86_64 1.0 3.64 35.48 39.12 NOTE
r-release-macos-arm64 1.0 21.00 OK
r-release-macos-x86_64 1.0 27.00 OK
r-release-windows-x86_64 1.0 9.00 66.00 75.00 OK
r-oldrel-macos-arm64 1.0 27.00 OK
r-oldrel-macos-x86_64 1.0 38.00 OK
r-oldrel-windows-ix86+x86_64 1.0 8.00 61.00 69.00 OK

Check Details

Version: 1.0
Check: for non-standard things in the check directory
Result: NOTE
    Found the following files/directories:
     ‘song.wav’ ‘song4karaoke.wav’
Flavors: r-devel-linux-x86_64-debian-clang, r-devel-linux-x86_64-debian-gcc, r-devel-linux-x86_64-fedora-clang, r-devel-linux-x86_64-fedora-gcc, r-patched-linux-x86_64, r-release-linux-x86_64