CRAN Package Check Results for Package jsmodule

Last updated on 2020-08-11 09:48:37 CEST.

Flavor Version Tinstall Tcheck Ttotal Status Flags
r-devel-linux-x86_64-debian-clang 1.1.0 36.25 203.04 239.29 OK
r-devel-linux-x86_64-debian-gcc 1.1.0 27.13 151.88 179.01 OK
r-devel-linux-x86_64-fedora-clang 1.1.0 282.92 NOTE
r-devel-linux-x86_64-fedora-gcc 1.1.0 276.84 NOTE
r-devel-windows-ix86+x86_64 1.1.0 74.00 312.00 386.00 OK
r-patched-linux-x86_64 1.1.0 24.43 194.74 219.17 OK
r-patched-solaris-x86 1.1.0 385.20 NOTE
r-release-linux-x86_64 1.1.0 24.55 198.76 223.31 OK
r-release-macos-x86_64 1.1.0 NOTE
r-release-windows-ix86+x86_64 1.1.0 101.00 286.00 387.00 OK
r-oldrel-macos-x86_64 1.1.0 NOTE
r-oldrel-windows-ix86+x86_64 1.1.0 54.00 205.00 259.00 OK

Check Details

Version: 1.1.0
Check: package dependencies
Result: NOTE
    Imports includes 31 non-default packages.
    Importing from so many packages makes the package vulnerable to any of
    them becoming unavailable. Move as many as possible to Suggests and
    use conditionally.
Flavor: r-devel-linux-x86_64-fedora-clang

Version: 1.1.0
Check: dependencies in R code
Result: NOTE
    Namespaces in Imports field not imported from:
     ‘Cairo’ ‘survC1’
     All declared Imports should be used.
Flavors: r-devel-linux-x86_64-fedora-clang, r-devel-linux-x86_64-fedora-gcc, r-patched-solaris-x86, r-release-macos-x86_64, r-oldrel-macos-x86_64