Last updated on 2024-04-19 10:57:28 CEST.
Flavor | Version | Tinstall | Tcheck | Ttotal | Status | Flags |
---|---|---|---|---|---|---|
r-devel-linux-x86_64-debian-clang | 1.1.2 | 13.40 | 258.60 | 272.00 | NOTE | |
r-devel-linux-x86_64-debian-gcc | 1.1.2 | NOTE | ||||
r-devel-linux-x86_64-fedora-clang | 1.1.2 | 343.94 | NOTE | |||
r-devel-linux-x86_64-fedora-gcc | 1.1.2 | 338.70 | NOTE | |||
r-prerel-macos-arm64 | 1.1.2 | 89.00 | NOTE | |||
r-prerel-windows-x86_64 | 1.1.2 | 14.00 | 184.00 | 198.00 | NOTE | |
r-patched-linux-x86_64 | 1.1.2 | 13.55 | 255.63 | 269.18 | NOTE | |
r-release-linux-x86_64 | 1.1.2 | 10.86 | 252.47 | 263.33 | OK | |
r-release-macos-arm64 | 1.1.2 | 93.00 | OK | |||
r-release-macos-x86_64 | 1.1.2 | 167.00 | OK | |||
r-release-windows-x86_64 | 1.1.2 | 19.00 | 230.00 | 249.00 | OK | |
r-oldrel-macos-arm64 | 1.1.2 | 101.00 | OK | |||
r-oldrel-windows-x86_64 | 1.1.2 | 19.00 | 231.00 | 250.00 | OK |
Version: 1.1.2
Check: Rd files
Result: NOTE
checkRd: (-1) jrt.Rd:45-46: Lost braces
45 | \item{Difference models (more or less constrained versions of the
| ^
checkRd: (-1) jrt.Rd:54-55: Lost braces
54 | \item{Divide-by-total models (more or less constrained versions of the
| ^
Flavors: r-devel-linux-x86_64-debian-clang, r-devel-linux-x86_64-debian-gcc, r-devel-linux-x86_64-fedora-clang, r-devel-linux-x86_64-fedora-gcc, r-prerel-macos-arm64, r-prerel-windows-x86_64, r-patched-linux-x86_64