Last updated on 2024-04-19 10:57:28 CEST.
Flavor | Version | Tinstall | Tcheck | Ttotal | Status | Flags |
---|---|---|---|---|---|---|
r-devel-linux-x86_64-debian-clang | 0.4.6 | 125.30 | 369.73 | 495.03 | NOTE | --no-tests |
r-devel-linux-x86_64-debian-gcc | 0.4.6 | NOTE | --no-tests | |||
r-devel-linux-x86_64-fedora-clang | 0.4.6 | 1029.69 | NOTE | |||
r-devel-linux-x86_64-fedora-gcc | 0.4.6 | 1041.30 | NOTE | |||
r-prerel-macos-arm64 | 0.4.6 | 225.00 | NOTE | |||
r-prerel-windows-x86_64 | 0.4.6 | 91.00 | 400.00 | 491.00 | NOTE | |
r-patched-linux-x86_64 | 0.4.6 | 84.18 | 760.74 | 844.92 | NOTE | --no-tests |
r-release-linux-x86_64 | 0.4.6 | 87.28 | 791.15 | 878.43 | NOTE | --no-tests |
r-release-macos-arm64 | 0.4.6 | 255.00 | NOTE | |||
r-release-macos-x86_64 | 0.4.6 | 405.00 | NOTE | |||
r-release-windows-x86_64 | 0.4.6 | 112.00 | 528.00 | 640.00 | NOTE | |
r-oldrel-macos-arm64 | 0.4.6 | 157.00 | NOTE | |||
r-oldrel-windows-x86_64 | 0.4.6 | 114.00 | 510.00 | 624.00 | OK |
Version: 0.4.6
Flags: --no-tests
Check: C++ specification
Result: NOTE
Specified C++11: please drop specification unless essential
Flavors: r-devel-linux-x86_64-debian-clang, r-devel-linux-x86_64-debian-gcc, r-patched-linux-x86_64, r-release-linux-x86_64
Version: 0.4.6
Check: C++ specification
Result: NOTE
Specified C++11: please drop specification unless essential
Flavors: r-devel-linux-x86_64-fedora-clang, r-devel-linux-x86_64-fedora-gcc, r-prerel-macos-arm64, r-prerel-windows-x86_64, r-release-macos-arm64, r-release-macos-x86_64, r-release-windows-x86_64
Version: 0.4.6
Check: installed package size
Result: NOTE
installed size is 6.4Mb
sub-directories of 1Mb or more:
data 1.3Mb
libs 3.8Mb
Flavors: r-prerel-macos-arm64, r-release-macos-arm64, r-release-macos-x86_64, r-oldrel-macos-arm64