CRAN Package Check Results for Package joinXL

Last updated on 2022-12-07 10:50:01 CET.

Flavor Version Tinstall Tcheck Ttotal Status Flags
r-devel-linux-x86_64-debian-clang 1.0.1 8.23 77.63 85.86 NOTE
r-devel-linux-x86_64-debian-gcc 1.0.1 5.64 56.92 62.56 NOTE
r-devel-linux-x86_64-fedora-clang 1.0.1 114.12 NOTE
r-devel-linux-x86_64-fedora-gcc 1.0.1 122.46 NOTE
r-devel-windows-x86_64 1.0.1 13.00 100.00 113.00 NOTE
r-patched-linux-x86_64 1.0.1 6.94 73.63 80.57 NOTE
r-release-linux-x86_64 1.0.1 9.07 74.04 83.11 NOTE
r-release-macos-arm64 1.0.1 30.00 NOTE
r-release-macos-x86_64 1.0.1 55.00 NOTE
r-release-windows-x86_64 1.0.1 19.00 100.00 119.00 NOTE
r-oldrel-macos-arm64 1.0.1 41.00 NOTE
r-oldrel-macos-x86_64 1.0.1 50.00 NOTE
r-oldrel-windows-ix86+x86_64 1.0.1 19.00 92.00 111.00 NOTE

Check Details

Version: 1.0.1
Check: LazyData
Result: NOTE
     'LazyData' is specified without a 'data' directory
Flavors: r-devel-linux-x86_64-debian-clang, r-devel-linux-x86_64-debian-gcc, r-devel-linux-x86_64-fedora-clang, r-devel-linux-x86_64-fedora-gcc, r-devel-windows-x86_64, r-patched-linux-x86_64, r-release-linux-x86_64, r-release-macos-arm64, r-release-macos-x86_64, r-release-windows-x86_64, r-oldrel-macos-arm64, r-oldrel-macos-x86_64, r-oldrel-windows-ix86+x86_64