CRAN Package Check Results for Package jmvcore

Last updated on 2020-08-08 09:48:40 CEST.

Flavor Version Tinstall Tcheck Ttotal Status Flags
r-devel-linux-x86_64-debian-clang 1.2.23 22.95 35.72 58.67 OK
r-devel-linux-x86_64-debian-gcc 1.2.23 20.82 27.98 48.80 OK
r-devel-linux-x86_64-fedora-clang 1.2.23 87.76 OK
r-devel-linux-x86_64-fedora-gcc 1.2.23 79.21 OK
r-devel-windows-ix86+x86_64 1.2.23 42.00 67.00 109.00 OK
r-patched-linux-x86_64 1.2.23 26.05 35.48 61.53 OK
r-patched-solaris-x86 1.2.23 99.40 NOTE
r-release-linux-x86_64 1.2.23 28.11 35.74 63.85 OK
r-release-macos-x86_64 1.2.23 OK
r-release-windows-ix86+x86_64 1.2.23 45.00 63.00 108.00 OK
r-oldrel-macos-x86_64 1.2.23 OK
r-oldrel-windows-ix86+x86_64 1.2.23 27.00 49.00 76.00 OK

Check Details

Version: 1.2.23
Check: package dependencies
Result: NOTE
    Package suggested but not available for checking: ‘RProtoBuf’
Flavor: r-patched-solaris-x86