Last updated on 2023-03-21 10:52:16 CET.
Flavor | Version | Tinstall | Tcheck | Ttotal | Status | Flags |
---|---|---|---|---|---|---|
r-devel-linux-x86_64-debian-clang | 0.2.4 | 50.08 | 51.10 | 101.18 | NOTE | |
r-devel-linux-x86_64-debian-gcc | 0.2.4 | 42.17 | 41.07 | 83.24 | NOTE | |
r-devel-linux-x86_64-fedora-clang | 0.2.4 | 147.85 | NOTE | |||
r-devel-linux-x86_64-fedora-gcc | 0.2.4 | 141.45 | NOTE | |||
r-patched-linux-x86_64 | 0.2.4 | 40.32 | 50.35 | 90.67 | OK | |
r-release-linux-x86_64 | 0.2.4 | 41.40 | 49.61 | 91.01 | OK | |
r-release-macos-arm64 | 0.2.4 | 40.00 | NOTE | |||
r-release-macos-x86_64 | 0.2.4 | 55.00 | NOTE | |||
r-release-windows-x86_64 | 0.2.4 | 51.00 | 109.00 | 160.00 | OK | |
r-oldrel-macos-arm64 | 0.2.4 | 43.00 | NOTE | |||
r-oldrel-macos-x86_64 | 0.2.4 | 77.00 | NOTE | |||
r-oldrel-windows-ix86+x86_64 | 0.2.4 | 117.00 | 128.00 | 245.00 | OK |
Version: 0.2.4
Check: C++ specification
Result: NOTE
Specified C++11: please drop specification unless essential
Flavors: r-devel-linux-x86_64-debian-clang, r-devel-linux-x86_64-debian-gcc, r-devel-linux-x86_64-fedora-clang, r-devel-linux-x86_64-fedora-gcc
Version: 0.2.4
Check: installed package size
Result: NOTE
installed size is 6.0Mb
sub-directories of 1Mb or more:
libs 4.7Mb
Flavors: r-release-macos-arm64, r-release-macos-x86_64, r-oldrel-macos-arm64, r-oldrel-macos-x86_64