Last updated on 2024-04-23 10:54:06 CEST.
Flavor | Version | Tinstall | Tcheck | Ttotal | Status | Flags |
---|---|---|---|---|---|---|
r-devel-linux-x86_64-debian-clang | 3.4.0 | 0.58 | 2.04 | 2.62 | ERROR | |
r-devel-linux-x86_64-debian-gcc | 3.4.0 | 17.51 | 146.52 | 164.03 | OK | |
r-devel-linux-x86_64-fedora-clang | 3.4.0 | 276.90 | OK | |||
r-devel-linux-x86_64-fedora-gcc | 3.4.0 | 271.31 | OK | |||
r-prerel-macos-arm64 | 3.4.0 | 74.00 | OK | |||
r-prerel-macos-x86_64 | 3.4.0 | 178.00 | OK | |||
r-prerel-windows-x86_64 | 3.4.0 | 19.00 | 152.00 | 171.00 | OK | |
r-patched-linux-x86_64 | 3.4.0 | 13.19 | 193.06 | 206.25 | OK | |
r-release-linux-x86_64 | 3.4.0 | 13.84 | 197.21 | 211.05 | OK | |
r-release-macos-arm64 | 3.4.0 | 81.00 | OK | |||
r-release-macos-x86_64 | 3.4.0 | 179.00 | OK | |||
r-release-windows-x86_64 | 3.4.0 | 16.00 | 186.00 | 202.00 | OK | |
r-oldrel-macos-arm64 | 3.4.0 | 72.00 | OK | |||
r-oldrel-windows-x86_64 | 3.4.0 | 27.00 | 201.00 | 228.00 | OK |
Version: 3.4.0
Check: package dependencies
Result: ERROR
Packages required but not available: 'org.Hs.eg.db', 'AnnotationDbi'
See section ‘The DESCRIPTION file’ in the ‘Writing R Extensions’
manual.
Flavor: r-devel-linux-x86_64-debian-clang