Last updated on 2024-04-23 10:54:06 CEST.
Flavor | Version | Tinstall | Tcheck | Ttotal | Status | Flags |
---|---|---|---|---|---|---|
r-devel-linux-x86_64-debian-clang | 2.0.0 | 11.25 | 75.15 | 86.40 | OK | |
r-devel-linux-x86_64-debian-gcc | 2.0.0 | 7.14 | 56.53 | 63.67 | OK | |
r-devel-linux-x86_64-fedora-clang | 2.0.0 | 109.20 | NOTE | |||
r-devel-linux-x86_64-fedora-gcc | 2.0.0 | 101.23 | NOTE | |||
r-prerel-macos-arm64 | 2.0.0 | 32.00 | OK | |||
r-prerel-windows-x86_64 | 2.0.0 | 10.00 | 78.00 | 88.00 | OK | |
r-patched-linux-x86_64 | 2.0.0 | 6.52 | 72.79 | 79.31 | OK | |
r-release-linux-x86_64 | 2.0.0 | 5.87 | 71.18 | 77.05 | OK | |
r-release-macos-arm64 | 2.0.0 | 33.00 | OK | |||
r-release-macos-x86_64 | 2.0.0 | 50.00 | OK | |||
r-release-windows-x86_64 | 2.0.0 | 13.00 | 88.00 | 101.00 | OK | |
r-oldrel-macos-arm64 | 2.0.0 | 38.00 | NOTE | |||
r-oldrel-windows-x86_64 | 2.0.0 | 12.00 | 88.00 | 100.00 | OK |
Version: 2.0.0
Check: dependencies in R code
Result: NOTE
Namespaces in Imports field not imported from:
‘grid’ ‘mcmcplots’ ‘tidyverse’
All declared Imports should be used.
Flavors: r-devel-linux-x86_64-fedora-clang, r-devel-linux-x86_64-fedora-gcc, r-oldrel-macos-arm64