Last updated on 2024-04-19 10:57:28 CEST.
Flavor | Version | Tinstall | Tcheck | Ttotal | Status | Flags |
---|---|---|---|---|---|---|
r-devel-linux-x86_64-debian-clang | 0.1.0 | 6.05 | 44.72 | 50.77 | OK | |
r-devel-linux-x86_64-debian-gcc | 0.1.0 | OK | ||||
r-devel-linux-x86_64-fedora-clang | 0.1.0 | 64.90 | NOTE | |||
r-devel-linux-x86_64-fedora-gcc | 0.1.0 | 60.48 | NOTE | |||
r-prerel-macos-arm64 | 0.1.0 | 22.00 | OK | |||
r-prerel-windows-x86_64 | 0.1.0 | 7.00 | 60.00 | 67.00 | OK | |
r-patched-linux-x86_64 | 0.1.0 | 4.20 | 43.34 | 47.54 | OK | |
r-release-linux-x86_64 | 0.1.0 | 3.66 | 43.17 | 46.83 | OK | |
r-release-macos-arm64 | 0.1.0 | 23.00 | OK | |||
r-release-macos-x86_64 | 0.1.0 | 29.00 | OK | |||
r-release-windows-x86_64 | 0.1.0 | 7.00 | 65.00 | 72.00 | OK | |
r-oldrel-macos-arm64 | 0.1.0 | 22.00 | NOTE | |||
r-oldrel-windows-x86_64 | 0.1.0 | 8.00 | 72.00 | 80.00 | OK |
Version: 0.1.0
Check: data for non-ASCII characters
Result: NOTE
Note: found 1984 marked UTF-8 strings
Flavors: r-devel-linux-x86_64-fedora-clang, r-devel-linux-x86_64-fedora-gcc, r-oldrel-macos-arm64