CRAN Package Check Results for Package isdparser

Last updated on 2020-08-10 10:03:05 CEST.

Flavor Version Tinstall Tcheck Ttotal Status Flags
r-devel-linux-x86_64-debian-clang 0.4.0 4.85 74.77 79.62 OK
r-devel-linux-x86_64-debian-gcc 0.4.0 4.06 53.93 57.99 OK
r-devel-linux-x86_64-fedora-clang 0.4.0 100.96 NOTE
r-devel-linux-x86_64-fedora-gcc 0.4.0 88.27 NOTE
r-devel-windows-ix86+x86_64 0.4.0 12.00 109.00 121.00 OK
r-patched-linux-x86_64 0.4.0 5.12 70.61 75.73 OK
r-patched-solaris-x86 0.4.0 126.70 NOTE
r-release-linux-x86_64 0.4.0 5.58 70.76 76.34 OK
r-release-macos-x86_64 0.4.0 NOTE
r-release-windows-ix86+x86_64 0.4.0 16.00 108.00 124.00 OK
r-oldrel-macos-x86_64 0.4.0 NOTE
r-oldrel-windows-ix86+x86_64 0.4.0 7.00 76.00 83.00 OK

Check Details

Version: 0.4.0
Check: data for non-ASCII characters
Result: NOTE
     Note: found 104 marked UTF-8 strings
Flavors: r-devel-linux-x86_64-fedora-clang, r-devel-linux-x86_64-fedora-gcc, r-patched-solaris-x86, r-release-macos-x86_64, r-oldrel-macos-x86_64