Last updated on 2023-02-07 10:54:00 CET.
Flavor | Version | Tinstall | Tcheck | Ttotal | Status | Flags |
---|---|---|---|---|---|---|
r-devel-linux-x86_64-debian-clang | 1.0.0 | 155.36 | 73.14 | 228.50 | NOTE | |
r-devel-linux-x86_64-debian-gcc | 1.0.0 | 118.57 | 53.74 | 172.31 | NOTE | |
r-devel-linux-x86_64-fedora-clang | 1.0.0 | 329.79 | NOTE | |||
r-devel-linux-x86_64-fedora-gcc | 1.0.0 | 337.62 | NOTE | |||
r-devel-windows-x86_64 | 1.0.0 | 218.00 | 135.00 | 353.00 | NOTE | |
r-patched-linux-x86_64 | 1.0.0 | 134.48 | 66.70 | 201.18 | OK | |
r-release-linux-x86_64 | 1.0.0 | 131.90 | 65.74 | 197.64 | OK | |
r-release-macos-arm64 | 1.0.0 | 90.00 | NOTE | |||
r-release-macos-x86_64 | 1.0.0 | 105.00 | NOTE | |||
r-release-windows-x86_64 | 1.0.0 | 229.00 | 149.00 | 378.00 | OK | |
r-oldrel-macos-arm64 | 1.0.0 | 71.00 | NOTE | |||
r-oldrel-macos-x86_64 | 1.0.0 | 110.00 | NOTE | |||
r-oldrel-windows-ix86+x86_64 | 1.0.0 | 370.00 | 164.00 | 534.00 | OK |
Version: 1.0.0
Check: C++ specification
Result: NOTE
Specified C++11: please update to current default of C++17
Flavors: r-devel-linux-x86_64-debian-clang, r-devel-linux-x86_64-debian-gcc, r-devel-linux-x86_64-fedora-clang, r-devel-windows-x86_64
Version: 1.0.0
Check: C++ specification
Result: NOTE
Specified C++11: please drop specification unless essential
Flavor: r-devel-linux-x86_64-fedora-gcc
Version: 1.0.0
Check: installed package size
Result: NOTE
installed size is 7.2Mb
sub-directories of 1Mb or more:
libs 6.7Mb
Flavors: r-release-macos-arm64, r-release-macos-x86_64, r-oldrel-macos-arm64, r-oldrel-macos-x86_64