Last updated on 2024-03-28 10:49:37 CET.
Flavor | Version | Tinstall | Tcheck | Ttotal | Status | Flags |
---|---|---|---|---|---|---|
r-devel-linux-x86_64-debian-clang | 0.90.1 | 3.41 | 52.05 | 55.46 | NOTE | |
r-devel-linux-x86_64-debian-gcc | 0.90.1 | 2.53 | 38.58 | 41.11 | NOTE | |
r-devel-linux-x86_64-fedora-clang | 0.90.1 | 68.01 | NOTE | |||
r-devel-linux-x86_64-fedora-gcc | 0.90.1 | 67.17 | NOTE | |||
r-devel-windows-x86_64 | 0.90.1 | 4.00 | 71.00 | 75.00 | NOTE | |
r-patched-linux-x86_64 | 0.90.1 | 4.21 | 50.55 | 54.76 | NOTE | |
r-release-linux-x86_64 | 0.90.1 | 2.22 | 50.34 | 52.56 | OK | |
r-release-macos-arm64 | 0.90.1 | 26.00 | OK | |||
r-release-macos-x86_64 | 0.90.1 | 40.00 | OK | |||
r-release-windows-x86_64 | 0.90.1 | 4.00 | 76.00 | 80.00 | OK | |
r-oldrel-macos-arm64 | 0.90.1 | 28.00 | OK | |||
r-oldrel-windows-x86_64 | 0.90.1 | 6.00 | 76.00 | 82.00 | OK |
Version: 0.90.1
Check: Rd files
Result: NOTE
checkRd: (-1) aiPux.Rd:25: Lost braces in \itemize; \value handles \item{}{} directly
checkRd: (-1) aiPux.Rd:26: Lost braces in \itemize; \value handles \item{}{} directly
checkRd: (-1) aiPux.Rd:27: Lost braces in \itemize; \value handles \item{}{} directly
checkRd: (-1) aiPux.Rd:28: Lost braces in \itemize; \value handles \item{}{} directly
checkRd: (-1) aiPux.Rd:29: Lost braces in \itemize; \value handles \item{}{} directly
checkRd: (-1) aiPux.Rd:30: Lost braces in \itemize; \value handles \item{}{} directly
checkRd: (-1) aiPuxComposite.Rd:34: Lost braces in \itemize; \value handles \item{}{} directly
checkRd: (-1) aiPuxComposite.Rd:35: Lost braces in \itemize; \value handles \item{}{} directly
checkRd: (-1) aiPuxComposite.Rd:36: Lost braces in \itemize; \value handles \item{}{} directly
checkRd: (-1) aiPuxComposite.Rd:37: Lost braces in \itemize; \value handles \item{}{} directly
checkRd: (-1) aiPuxComposite.Rd:38: Lost braces in \itemize; \value handles \item{}{} directly
checkRd: (-1) aiPuxComposite.Rd:39: Lost braces in \itemize; \value handles \item{}{} directly
checkRd: (-1) dls2007.Rd:19: Lost braces
19 | impact. emph{Journal of Applied Psychology}, 92(5), 1380.
| ^
checkRd: (-1) paretoXX.Rd:20: Lost braces in \itemize; \value handles \item{}{} directly
checkRd: (-1) paretoXX.Rd:21: Lost braces in \itemize; \value handles \item{}{} directly
checkRd: (-1) paretoXX.Rd:22-23: Lost braces in \itemize; \value handles \item{}{} directly
checkRd: (-1) paretoXY.Rd:29: Lost braces in \itemize; \value handles \item{}{} directly
checkRd: (-1) paretoXY.Rd:30-31: Lost braces in \itemize; \value handles \item{}{} directly
checkRd: (-1) paretoXY.Rd:32-33: Lost braces in \itemize; \value handles \item{}{} directly
Flavors: r-devel-linux-x86_64-debian-clang, r-devel-linux-x86_64-debian-gcc, r-devel-linux-x86_64-fedora-clang, r-devel-linux-x86_64-fedora-gcc, r-devel-windows-x86_64, r-patched-linux-x86_64