Last updated on 2024-05-09 10:49:53 CEST.
Flavor | Version | Tinstall | Tcheck | Ttotal | Status | Flags |
---|---|---|---|---|---|---|
r-devel-linux-x86_64-debian-clang | 0.2.2 | 31.23 | 31.24 | 62.47 | OK | |
r-devel-linux-x86_64-debian-gcc | 0.2.2 | 25.14 | 24.10 | 49.24 | OK | |
r-devel-linux-x86_64-fedora-clang | 0.2.2 | 89.20 | NOTE | |||
r-devel-linux-x86_64-fedora-gcc | 0.2.2 | 129.49 | NOTE | |||
r-devel-windows-x86_64 | 0.2.2 | 25.00 | 69.00 | 94.00 | OK | |
r-patched-linux-x86_64 | 0.2.2 | 29.29 | 29.46 | 58.75 | OK | |
r-release-linux-x86_64 | 0.2.2 | 32.98 | 29.55 | 62.53 | OK | |
r-release-macos-arm64 | 0.2.2 | 24.00 | OK | |||
r-release-macos-x86_64 | 0.2.2 | 41.00 | OK | |||
r-release-windows-x86_64 | 0.2.2 | 26.00 | 65.00 | 91.00 | OK | |
r-oldrel-macos-arm64 | 0.2.2 | 29.00 | OK | |||
r-oldrel-macos-x86_64 | 0.2.2 | 59.00 | OK | |||
r-oldrel-windows-x86_64 | 0.2.2 | 31.00 | 72.00 | 103.00 | OK |
Version: 0.2.2
Check: data for non-ASCII characters
Result: NOTE
Note: found 1475 marked UTF-8 strings
Flavors: r-devel-linux-x86_64-fedora-clang, r-devel-linux-x86_64-fedora-gcc