Last updated on 2024-03-28 10:49:37 CET.
Flavor | Version | Tinstall | Tcheck | Ttotal | Status | Flags |
---|---|---|---|---|---|---|
r-devel-linux-x86_64-debian-clang | 0.3.4 | 12.95 | 83.07 | 96.02 | NOTE | |
r-devel-linux-x86_64-debian-gcc | 0.3.4 | 8.93 | 60.46 | 69.39 | NOTE | |
r-devel-linux-x86_64-fedora-clang | 0.3.4 | 114.90 | NOTE | |||
r-devel-linux-x86_64-fedora-gcc | 0.3.4 | 114.21 | NOTE | |||
r-devel-windows-x86_64 | 0.3.4 | 10.00 | 76.00 | 86.00 | NOTE | |
r-patched-linux-x86_64 | 0.3.4 | 12.42 | 77.38 | 89.80 | NOTE | |
r-release-linux-x86_64 | 0.3.4 | 8.65 | 75.66 | 84.31 | OK | |
r-release-macos-arm64 | 0.3.4 | 37.00 | OK | |||
r-release-macos-x86_64 | 0.3.4 | 56.00 | OK | |||
r-release-windows-x86_64 | 0.3.4 | 13.00 | 92.00 | 105.00 | OK | |
r-oldrel-macos-arm64 | 0.3.4 | 49.00 | OK | |||
r-oldrel-windows-x86_64 | 0.3.4 | 13.00 | 89.00 | 102.00 | OK |
Version: 0.3.4
Check: Rd files
Result: NOTE
checkRd: (-1) f.influence.Rd:25: Lost braces; missing escapes or markup?
25 | where F is the field of influence, k is order of influence, l_{ij} is the ith row and jth column element of the Leontief Inverse and -s indicates the sth element has been removed.
| ^
Flavors: r-devel-linux-x86_64-debian-clang, r-devel-linux-x86_64-debian-gcc, r-devel-linux-x86_64-fedora-clang, r-devel-linux-x86_64-fedora-gcc, r-devel-windows-x86_64, r-patched-linux-x86_64