CRAN Package Check Results for Package investr

Last updated on 2020-08-10 10:03:05 CEST.

Flavor Version Tinstall Tcheck Ttotal Status Flags
r-devel-linux-x86_64-debian-clang 1.4.0 4.73 46.23 50.96 OK
r-devel-linux-x86_64-debian-gcc 1.4.0 3.99 36.91 40.90 OK
r-devel-linux-x86_64-fedora-clang 1.4.0 68.74 NOTE
r-devel-linux-x86_64-fedora-gcc 1.4.0 59.48 OK
r-devel-windows-ix86+x86_64 1.4.0 11.00 76.00 87.00 OK
r-patched-linux-x86_64 1.4.0 4.45 45.58 50.03 OK
r-patched-solaris-x86 1.4.0 78.90 OK
r-release-linux-x86_64 1.4.0 3.88 45.38 49.26 OK
r-release-macos-x86_64 1.4.0 OK
r-release-windows-ix86+x86_64 1.4.0 10.00 81.00 91.00 OK
r-oldrel-macos-x86_64 1.4.0 OK
r-oldrel-windows-ix86+x86_64 1.4.0 7.00 49.00 56.00 OK

Check Details

Version: 1.4.0
Check: Rd cross-references
Result: NOTE
    Undeclared package ‘nlstools’ in Rd xrefs
Flavor: r-devel-linux-x86_64-fedora-clang