Last updated on 2024-04-23 10:54:06 CEST.
Flavor | Version | Tinstall | Tcheck | Ttotal | Status | Flags |
---|---|---|---|---|---|---|
r-devel-linux-x86_64-debian-clang | 0.1.1 | 13.33 | 228.38 | 241.71 | OK | |
r-devel-linux-x86_64-debian-gcc | 0.1.1 | 10.50 | 166.14 | 176.64 | OK | |
r-devel-linux-x86_64-fedora-clang | 0.1.1 | 298.07 | NOTE | |||
r-devel-linux-x86_64-fedora-gcc | 0.1.1 | 299.79 | NOTE | |||
r-prerel-macos-arm64 | 0.1.1 | 90.00 | OK | |||
r-prerel-windows-x86_64 | 0.1.1 | 12.00 | 174.00 | 186.00 | OK | |
r-patched-linux-x86_64 | 0.1.1 | 9.07 | 216.13 | 225.20 | OK | |
r-release-linux-x86_64 | 0.1.1 | 7.94 | 212.80 | 220.74 | OK | |
r-release-macos-arm64 | 0.1.1 | 90.00 | OK | |||
r-release-macos-x86_64 | 0.1.1 | 168.00 | OK | |||
r-release-windows-x86_64 | 0.1.1 | 15.00 | 224.00 | 239.00 | OK | |
r-oldrel-macos-arm64 | 0.1.1 | 66.00 | NOTE | |||
r-oldrel-windows-x86_64 | 0.1.1 | 17.00 | 229.00 | 246.00 | OK |
Version: 0.1.1
Check: dependencies in R code
Result: NOTE
Namespace in Imports field not imported from: ‘moonBook’
All declared Imports should be used.
Flavors: r-devel-linux-x86_64-fedora-clang, r-devel-linux-x86_64-fedora-gcc, r-oldrel-macos-arm64