Last updated on 2025-11-26 09:51:19 CET.
| Flavor | Version | Tinstall | Tcheck | Ttotal | Status | Flags |
|---|---|---|---|---|---|---|
| r-devel-linux-x86_64-debian-clang | 0.2.3 | 15.05 | 144.86 | 159.91 | OK | |
| r-devel-linux-x86_64-debian-gcc | 0.2.3 | 10.87 | 100.71 | 111.58 | OK | |
| r-devel-linux-x86_64-fedora-clang | 0.2.3 | 38.00 | 201.57 | 239.57 | OK | |
| r-devel-linux-x86_64-fedora-gcc | 0.2.3 | 35.00 | 203.05 | 238.05 | OK | |
| r-devel-windows-x86_64 | 0.2.3 | 21.00 | 123.00 | 144.00 | OK | |
| r-patched-linux-x86_64 | 0.2.3 | 14.88 | 134.23 | 149.11 | OK | |
| r-release-linux-x86_64 | 0.2.3 | 15.18 | 135.19 | 150.37 | OK | |
| r-release-macos-arm64 | 0.2.3 | OK | ||||
| r-release-macos-x86_64 | 0.2.3 | 12.00 | 107.00 | 119.00 | OK | |
| r-release-windows-x86_64 | 0.2.3 | 17.00 | 119.00 | 136.00 | OK | |
| r-oldrel-macos-arm64 | 0.2.3 | NOTE | ||||
| r-oldrel-macos-x86_64 | 0.2.3 | 9.00 | 79.00 | 88.00 | NOTE | |
| r-oldrel-windows-x86_64 | 0.2.3 | 23.00 | 159.00 | 182.00 | NOTE |
Version: 0.2.3
Check: LazyData
Result: NOTE
'LazyData' is specified without a 'data' directory
Flavors: r-oldrel-macos-arm64, r-oldrel-macos-x86_64, r-oldrel-windows-x86_64