CRAN Package Check Results for Package interactions

Last updated on 2022-08-07 09:54:01 CEST.

Flavor Version Tinstall Tcheck Ttotal Status Flags
r-devel-linux-x86_64-debian-clang 1.1.5 9.95 287.91 297.86 OK
r-devel-linux-x86_64-debian-gcc 1.1.5 7.63 203.86 211.49 OK
r-devel-linux-x86_64-fedora-clang 1.1.5 339.55 NOTE
r-devel-linux-x86_64-fedora-gcc 1.1.5 346.60 OK
r-devel-windows-x86_64 1.1.5 97.00 308.00 405.00 OK
r-patched-linux-x86_64 1.1.5 13.07 259.16 272.23 OK
r-release-linux-x86_64 1.1.5 6.94 262.11 269.05 OK
r-release-macos-arm64 1.1.5 95.00 OK
r-release-macos-x86_64 1.1.5 173.00 OK
r-release-windows-x86_64 1.1.5 86.00 304.00 390.00 OK
r-oldrel-macos-arm64 1.1.5 139.00 OK
r-oldrel-macos-x86_64 1.1.5 120.00 OK
r-oldrel-windows-ix86+x86_64 1.1.5 22.00 313.00 335.00 OK

Check Details

Version: 1.1.5
Check: Rd cross-references
Result: NOTE
    Undeclared packages ‘quantreg’, ‘effects’, ‘Hmisc’, ‘rockchalk’, ‘pequod’ in Rd xrefs
Flavor: r-devel-linux-x86_64-fedora-clang