Last updated on 2024-04-23 10:54:06 CEST.
Flavor | Version | Tinstall | Tcheck | Ttotal | Status | Flags |
---|---|---|---|---|---|---|
r-devel-linux-x86_64-debian-clang | 1.1.5 | 8.89 | 211.43 | 220.32 | NOTE | |
r-devel-linux-x86_64-debian-gcc | 1.1.5 | 9.01 | 153.76 | 162.77 | NOTE | |
r-devel-linux-x86_64-fedora-clang | 1.1.5 | 271.18 | NOTE | |||
r-devel-linux-x86_64-fedora-gcc | 1.1.5 | 305.09 | NOTE | |||
r-prerel-macos-arm64 | 1.1.5 | 116.00 | OK | |||
r-prerel-windows-x86_64 | 1.1.5 | 10.00 | 206.00 | 216.00 | OK | |
r-patched-linux-x86_64 | 1.1.5 | 14.31 | 195.01 | 209.32 | NOTE | |
r-release-linux-x86_64 | 1.1.5 | 9.72 | 197.94 | 207.66 | NOTE | |
r-release-macos-arm64 | 1.1.5 | 111.00 | OK | |||
r-release-macos-x86_64 | 1.1.5 | 192.00 | OK | |||
r-release-windows-x86_64 | 1.1.5 | 13.00 | 264.00 | 277.00 | OK | |
r-oldrel-macos-arm64 | 1.1.5 | 95.00 | OK | |||
r-oldrel-windows-x86_64 | 1.1.5 | 13.00 | 270.00 | 283.00 | OK |
Version: 1.1.5
Check: package dependencies
Result: NOTE
Package suggested but not available for checking: ‘margins’
Flavors: r-devel-linux-x86_64-debian-clang, r-devel-linux-x86_64-debian-gcc, r-devel-linux-x86_64-fedora-clang, r-devel-linux-x86_64-fedora-gcc, r-patched-linux-x86_64, r-release-linux-x86_64
Version: 1.1.5
Check: Rd cross-references
Result: NOTE
Unknown package ‘margins’ in Rd xrefs
Flavors: r-devel-linux-x86_64-debian-clang, r-devel-linux-x86_64-fedora-gcc, r-patched-linux-x86_64
Version: 1.1.5
Check: Rd cross-references
Result: NOTE
Unknown packages ‘margins’, ‘pequod’ in Rd xrefs
Flavors: r-devel-linux-x86_64-debian-gcc, r-release-linux-x86_64
Version: 1.1.5
Check: Rd cross-references
Result: NOTE
Undeclared packages ‘quantreg’, ‘effects’, ‘Hmisc’, ‘rockchalk’, ‘pequod’ in Rd xrefs
Unknown package ‘margins’ in Rd xrefs
Flavor: r-devel-linux-x86_64-fedora-clang