CRAN Package Check Results for Package inlpubs

Last updated on 2023-02-07 10:54:00 CET.

Flavor Version Tinstall Tcheck Ttotal Status Flags
r-devel-linux-x86_64-debian-clang 1.0.4 3.25 91.17 94.42 OK
r-devel-linux-x86_64-debian-gcc 1.0.4 2.37 69.02 71.39 OK
r-devel-linux-x86_64-fedora-clang 1.0.4 121.00 NOTE
r-devel-linux-x86_64-fedora-gcc 1.0.4 130.56 OK
r-devel-windows-x86_64 1.0.4 15.00 151.00 166.00 OK
r-patched-linux-x86_64 1.0.4 3.75 137.76 141.51 OK
r-release-linux-x86_64 1.0.4 2.54 140.98 143.52 OK
r-release-macos-arm64 1.0.4 55.00 OK
r-release-macos-x86_64 1.0.4 66.00 OK
r-release-windows-x86_64 1.0.4 18.00 166.00 184.00 OK
r-oldrel-macos-arm64 1.0.4 56.00 OK
r-oldrel-macos-x86_64 1.0.4 72.00 OK
r-oldrel-windows-ix86+x86_64 1.0.4 10.00 162.00 172.00 OK

Check Details

Version: 1.0.4
Check: installed package size
Result: NOTE
     installed size is 5.0Mb
     sub-directories of 1Mb or more:
     doc 4.5Mb
Flavor: r-devel-linux-x86_64-fedora-clang