Last updated on 2023-01-31 10:52:12 CET.
Flavor | Version | Tinstall | Tcheck | Ttotal | Status | Flags |
---|---|---|---|---|---|---|
r-devel-linux-x86_64-debian-clang | 0.1.0.1 | 5.92 | 34.32 | 40.24 | WARN | |
r-devel-linux-x86_64-debian-gcc | 0.1.0.1 | 3.93 | 25.18 | 29.11 | WARN | |
r-devel-linux-x86_64-fedora-clang | 0.1.0.1 | 48.18 | WARN | |||
r-devel-linux-x86_64-fedora-gcc | 0.1.0.1 | 45.43 | WARN | |||
r-devel-windows-x86_64 | 0.1.0.1 | 24.00 | 67.00 | 91.00 | OK | |
r-patched-linux-x86_64 | 0.1.0.1 | 4.56 | 33.25 | 37.81 | OK | |
r-release-linux-x86_64 | 0.1.0.1 | 4.01 | 32.58 | 36.59 | OK | |
r-release-macos-arm64 | 0.1.0.1 | 21.00 | OK | |||
r-release-macos-x86_64 | 0.1.0.1 | 28.00 | OK | |||
r-release-windows-x86_64 | 0.1.0.1 | 24.00 | 67.00 | 91.00 | OK | |
r-oldrel-macos-arm64 | 0.1.0.1 | 20.00 | OK | |||
r-oldrel-macos-x86_64 | 0.1.0.1 | 28.00 | OK | |||
r-oldrel-windows-ix86+x86_64 | 0.1.0.1 | 14.00 | 77.00 | 91.00 | OK |
Version: 0.1.0.1
Check: whether package can be installed
Result: WARN
Found the following significant warnings:
keyplayer-utils.c:24:13: warning: a function declaration without a prototype is deprecated in all versions of C [-Wstrict-prototypes]
See ‘/home/hornik/tmp/R.check/r-devel-clang/Work/PKGS/influenceR.Rcheck/00install.out’ for details.
* used C compiler: ‘Debian clang version 15.0.6’
Flavor: r-devel-linux-x86_64-debian-clang
Version: 0.1.0.1
Check: whether package can be installed
Result: WARN
Found the following significant warnings:
keyplayer-utils.c:24:5: warning: function declaration isn’t a prototype [-Wstrict-prototypes]
See ‘/home/hornik/tmp/R.check/r-devel-gcc/Work/PKGS/influenceR.Rcheck/00install.out’ for details.
* used C compiler: ‘gcc-12 (Debian 12.2.0-14) 12.2.0’
Flavor: r-devel-linux-x86_64-debian-gcc
Version: 0.1.0.1
Check: whether package can be installed
Result: WARN
Found the following significant warnings:
keyplayer-utils.c:24:13: warning: a function declaration without a prototype is deprecated in all versions of C [-Wstrict-prototypes]
See ‘/data/gannet/ripley/R/packages/tests-clang/influenceR.Rcheck/00install.out’ for details.
* used C compiler: ‘clang version 15.0.7’
Flavor: r-devel-linux-x86_64-fedora-clang
Version: 0.1.0.1
Check: whether package can be installed
Result: WARN
Found the following significant warnings:
keyplayer-utils.c:24:5: warning: function declaration isn’t a prototype [-Wstrict-prototypes]
See ‘/data/gannet/ripley/R/packages/tests-devel/influenceR.Rcheck/00install.out’ for details.
* used C compiler: ‘gcc (GCC) 12.2.1 20221121 (Red Hat 12.2.1-4)’
Flavor: r-devel-linux-x86_64-fedora-gcc