CRAN Package Check Results for Package immuneSIM

Last updated on 2023-03-21 10:52:16 CET.

Flavor Version Tinstall Tcheck Ttotal Status Flags
r-devel-linux-x86_64-debian-clang 0.8.7 55.27 179.31 234.58 NOTE
r-devel-linux-x86_64-debian-gcc 0.8.7 43.52 162.17 205.69 NOTE
r-devel-linux-x86_64-fedora-clang 0.8.7 336.08 NOTE
r-devel-linux-x86_64-fedora-gcc 0.8.7 318.97 NOTE
r-patched-linux-x86_64 0.8.7 43.87 134.97 178.84 NOTE
r-release-linux-x86_64 0.8.7 48.75 143.36 192.11 NOTE
r-release-macos-arm64 0.8.7 105.00 NOTE
r-release-macos-x86_64 0.8.7 179.00 NOTE
r-release-windows-x86_64 0.8.7 61.00 224.00 285.00 NOTE
r-oldrel-macos-arm64 0.8.7 112.00 NOTE
r-oldrel-macos-x86_64 0.8.7 193.00 NOTE
r-oldrel-windows-ix86+x86_64 0.8.7 87.00 218.00 305.00 NOTE

Check Details

Version: 0.8.7
Check: LazyData
Result: NOTE
     'LazyData' is specified without a 'data' directory
Flavors: r-devel-linux-x86_64-debian-clang, r-devel-linux-x86_64-debian-gcc, r-devel-linux-x86_64-fedora-clang, r-devel-linux-x86_64-fedora-gcc, r-patched-linux-x86_64, r-release-linux-x86_64, r-release-macos-arm64, r-release-macos-x86_64, r-release-windows-x86_64, r-oldrel-macos-arm64, r-oldrel-macos-x86_64, r-oldrel-windows-ix86+x86_64

Version: 0.8.7
Check: installed package size
Result: NOTE
     installed size is 5.2Mb
     sub-directories of 1Mb or more:
     R 5.1Mb
Flavors: r-release-macos-arm64, r-oldrel-macos-arm64