CRAN Package Check Results for Package immunarch

Last updated on 2020-08-05 10:06:03 CEST.

Flavor Version Tinstall Tcheck Ttotal Status Flags
r-devel-linux-x86_64-debian-clang 0.6.5 41.88 279.15 321.03 OK
r-devel-linux-x86_64-debian-gcc 0.6.5 31.00 208.95 239.95 OK
r-devel-linux-x86_64-fedora-clang 0.6.5 368.64 NOTE
r-devel-linux-x86_64-fedora-gcc 0.6.5 354.98 NOTE
r-devel-windows-ix86+x86_64 0.6.5 107.00 567.00 674.00 NOTE
r-patched-linux-x86_64 0.6.5 30.95 260.35 291.30 OK
r-patched-solaris-x86 0.6.5 415.30 NOTE
r-release-linux-x86_64 0.6.5 28.01 259.10 287.11 OK
r-release-macos-x86_64 0.6.5 NOTE
r-release-windows-ix86+x86_64 0.6.5 105.00 402.00 507.00 NOTE
r-oldrel-macos-x86_64 0.6.5 NOTE
r-oldrel-windows-ix86+x86_64 0.6.5 62.00 419.00 481.00 NOTE

Check Details

Version: 0.6.5
Check: package dependencies
Result: NOTE
    Imports includes 25 non-default packages.
    Importing from so many packages makes the package vulnerable to any of
    them becoming unavailable. Move as many as possible to Suggests and
    use conditionally.
Flavor: r-devel-linux-x86_64-fedora-clang

Version: 0.6.5
Check: installed package size
Result: NOTE
     installed size is 8.0Mb
     sub-directories of 1Mb or more:
     data 4.3Mb
     doc 1.6Mb
Flavors: r-devel-linux-x86_64-fedora-clang, r-devel-windows-ix86+x86_64, r-patched-solaris-x86, r-release-macos-x86_64, r-release-windows-ix86+x86_64, r-oldrel-macos-x86_64, r-oldrel-windows-ix86+x86_64

Version: 0.6.5
Check: dependencies in R code
Result: NOTE
    Namespace in Imports field not imported from: ‘dbplyr’
     All declared Imports should be used.
Flavors: r-devel-linux-x86_64-fedora-clang, r-devel-linux-x86_64-fedora-gcc, r-patched-solaris-x86, r-release-macos-x86_64, r-oldrel-macos-x86_64