CRAN Package Check Results for Package ifaTools

Last updated on 2022-09-26 09:50:00 CEST.

Flavor Version Tinstall Tcheck Ttotal Status Flags
r-devel-linux-x86_64-debian-clang 0.23 14.80 128.40 143.20 OK --no-tests --no-vignettes
r-devel-linux-x86_64-debian-gcc 0.23 12.50 100.86 113.36 OK --no-tests --no-vignettes
r-devel-linux-x86_64-fedora-clang 0.23 1036.81 OK
r-devel-linux-x86_64-fedora-gcc 0.23 3430.37 ERROR
r-devel-windows-x86_64 0.23 26.00 1291.00 1317.00 OK
r-patched-linux-x86_64 0.23 12.49 115.09 127.58 OK --no-tests --no-vignettes
r-release-linux-x86_64 0.23 15.09 125.72 140.81 OK --no-tests --no-vignettes
r-release-macos-arm64 0.23 259.00 OK
r-release-macos-x86_64 0.23 576.00 OK
r-release-windows-x86_64 0.23 27.00 1133.00 1160.00 OK
r-oldrel-macos-arm64 0.23 219.00 OK
r-oldrel-macos-x86_64 0.23 211.00 OK
r-oldrel-windows-ix86+x86_64 0.23 33.00 0.00 33.00 FAIL

Check Details

Version: 0.23
Check: re-building of vignette outputs
Result: ERROR
    Error(s) in re-building vignettes:
    --- re-building ‘pritikin-schmidt.Rnw’ using knitr
Flavor: r-devel-linux-x86_64-fedora-gcc

Version: 0.23
Check: re-building of vignette outputs
Result: FAIL
    Check process probably crashed or hung up for 20 minutes ... killed
    Most likely this happened in the example checks (?),
    if not, ignore the following last lines of example output:
    > model <- univariatePrior("logit-norm", "x1", -1)
    > model$priorParam$values[1,1] <- -.6
    > model <- mxRun(model)
    Running univariatePrior with 1 parameter
    > model$output$fit
    [1] 0.4515827
    > model$output$gradient
    x1
     0
    > model$output$hessian
     x1
    x1 8
    >
    >
    >
    > ### * <FOOTER>
    > ###
    > cleanEx()
    > options(digits = 7L)
    > base::cat("Time elapsed: ", proc.time() - base::get("ptime", pos = 'CheckExEnv'),"\n")
    Time elapsed: 8.3 0.32 8.67 NA NA
    > grDevices::dev.off()
    null device
     1
    > ###
    > ### Local variables: ***
    > ### mode: outline-minor ***
    > ### outline-regexp: "\\(> \\)?### [*]+" ***
    > ### End: ***
    > quit('no')
    ======== End of example output (where/before crash/hang up occured ?) ========
Flavor: r-oldrel-windows-ix86+x86_64