CRAN Package Check Results for Package idem

Last updated on 2020-08-06 09:49:02 CEST.

Flavor Version Tinstall Tcheck Ttotal Status Flags
r-devel-linux-x86_64-debian-clang 5.0 121.50 169.79 291.29 NOTE
r-devel-linux-x86_64-debian-gcc 5.0 114.11 129.34 243.45 NOTE
r-devel-linux-x86_64-fedora-clang 5.0 375.10 NOTE
r-devel-linux-x86_64-fedora-gcc 5.0 385.28 NOTE
r-devel-windows-ix86+x86_64 5.0 315.00 350.00 665.00 NOTE
r-patched-linux-x86_64 5.0 99.11 172.05 271.16 NOTE
r-patched-solaris-x86 5.0 444.40 NOTE
r-release-linux-x86_64 5.0 102.23 168.37 270.60 NOTE
r-release-macos-x86_64 5.0 NOTE
r-release-windows-ix86+x86_64 5.0 297.00 348.00 645.00 NOTE
r-oldrel-macos-x86_64 5.0 NOTE
r-oldrel-windows-ix86+x86_64 5.0 199.00 234.00 433.00 NOTE

Check Details

Version: 5.0
Check: for GNU extensions in Makefiles
Result: NOTE
    GNU make is a SystemRequirements.
Flavors: r-devel-linux-x86_64-debian-clang, r-devel-linux-x86_64-debian-gcc, r-devel-linux-x86_64-fedora-clang, r-devel-linux-x86_64-fedora-gcc, r-devel-windows-ix86+x86_64, r-patched-linux-x86_64, r-patched-solaris-x86, r-release-linux-x86_64, r-release-macos-x86_64, r-release-windows-ix86+x86_64, r-oldrel-macos-x86_64, r-oldrel-windows-ix86+x86_64

Version: 5.0
Check: installed package size
Result: NOTE
     installed size is 32.4Mb
     sub-directories of 1Mb or more:
     doc 1.3Mb
     libs 30.5Mb
Flavors: r-devel-linux-x86_64-fedora-clang, r-devel-windows-ix86+x86_64, r-release-macos-x86_64, r-release-windows-ix86+x86_64, r-oldrel-macos-x86_64, r-oldrel-windows-ix86+x86_64

Version: 5.0
Check: dependencies in R code
Result: NOTE
    Namespace in Imports field not imported from: ‘rstantools’
     All declared Imports should be used.
Flavors: r-devel-linux-x86_64-fedora-clang, r-devel-linux-x86_64-fedora-gcc, r-patched-solaris-x86, r-release-macos-x86_64, r-oldrel-macos-x86_64