Last updated on 2023-03-31 10:51:20 CEST.
Flavor | Version | Tinstall | Tcheck | Ttotal | Status | Flags |
---|---|---|---|---|---|---|
r-devel-linux-x86_64-debian-clang | 2.0.15 | 63.00 | 172.51 | 235.51 | OK | |
r-devel-linux-x86_64-debian-gcc | 2.0.15 | 59.89 | 130.03 | 189.92 | OK | |
r-devel-linux-x86_64-fedora-clang | 2.0.15 | 318.09 | OK | |||
r-devel-linux-x86_64-fedora-gcc | 2.0.15 | 314.78 | OK | |||
r-devel-windows-x86_64 | 2.0.15 | 132.00 | 0.00 | 132.00 | OK | |
r-patched-linux-x86_64 | 2.0.15 | 63.60 | 166.38 | 229.98 | OK | |
r-release-linux-x86_64 | 2.0.15 | 62.22 | 170.42 | 232.64 | OK | |
r-release-macos-arm64 | 2.0.15 | 114.00 | NOTE | |||
r-release-macos-x86_64 | 2.0.15 | 146.00 | NOTE | |||
r-release-windows-x86_64 | 2.0.15 | 113.00 | 331.00 | 444.00 | OK | |
r-oldrel-macos-arm64 | 2.0.15 | 126.00 | NOTE | |||
r-oldrel-macos-x86_64 | 2.0.15 | 218.00 | NOTE | |||
r-oldrel-windows-ix86+x86_64 | 2.0.15 | 154.00 | 346.00 | 500.00 | OK |
Version: 2.0.15
Check: installed package size
Result: NOTE
installed size is 16.4Mb
sub-directories of 1Mb or more:
libs 15.0Mb
Flavors: r-release-macos-arm64, r-release-macos-x86_64, r-oldrel-macos-arm64, r-oldrel-macos-x86_64