CRAN Package Check Results for Package iRafNet

Last updated on 2020-10-20 09:48:15 CEST.

Flavor Version Tinstall Tcheck Ttotal Status Flags
r-devel-linux-x86_64-debian-clang 1.1-1 4.69 26.73 31.42 OK
r-devel-linux-x86_64-debian-gcc 1.1-1 2.74 20.85 23.59 OK
r-devel-linux-x86_64-fedora-clang 1.1-1 46.31 NOTE
r-devel-linux-x86_64-fedora-gcc 1.1-1 36.16 NOTE
r-devel-windows-ix86+x86_64 1.1-1 9.00 43.00 52.00 OK
r-patched-linux-x86_64 1.1-1 4.08 25.08 29.16 OK
r-patched-solaris-x86 1.1-1 55.90 OK
r-release-linux-x86_64 1.1-1 4.26 25.35 29.61 OK
r-release-macos-x86_64 1.1-1 OK
r-release-windows-ix86+x86_64 1.1-1 8.00 43.00 51.00 OK
r-oldrel-macos-x86_64 1.1-1 OK
r-oldrel-windows-ix86+x86_64 1.1-1 7.00 50.00 57.00 OK

Check Details

Version: 1.1-1
Check: compiled code
Result: NOTE
    File ‘iRafNet/libs/iRafNet.so’:
     Found no calls to: ‘R_registerRoutines’, ‘R_useDynamicSymbols’
    
    It is good practice to register native routines and to disable symbol
    search.
    
    See ‘Writing portable packages’ in the ‘Writing R Extensions’ manual.
Flavors: r-devel-linux-x86_64-fedora-clang, r-devel-linux-x86_64-fedora-gcc