CRAN Package Check Results for Package huge

Last updated on 2020-09-28 10:50:38 CEST.

Flavor Version Tinstall Tcheck Ttotal Status Flags
r-devel-linux-x86_64-debian-clang 1.3.4.1 84.53 130.79 215.32 OK
r-devel-linux-x86_64-debian-gcc 1.3.4.1 52.95 104.58 157.53 OK
r-devel-linux-x86_64-fedora-clang 1.3.4.1 276.73 NOTE
r-devel-linux-x86_64-fedora-gcc 1.3.4.1 251.98 OK
r-devel-windows-ix86+x86_64 1.3.4.1 171.00 264.00 435.00 OK
r-patched-linux-x86_64 1.3.4.1 60.39 124.36 184.75 OK
r-patched-solaris-x86 1.3.4.1 297.30 OK
r-release-linux-x86_64 1.3.4.1 60.37 124.49 184.86 OK
r-release-macos-x86_64 1.3.4.1 NOTE
r-release-windows-ix86+x86_64 1.3.4.1 170.00 240.00 410.00 OK
r-oldrel-macos-x86_64 1.3.4.1 NOTE
r-oldrel-windows-ix86+x86_64 1.3.4.1 152.00 244.00 396.00 OK

Check Details

Version: 1.3.4.1
Check: installed package size
Result: NOTE
     installed size is 9.4Mb
     sub-directories of 1Mb or more:
     libs 8.0Mb
Flavors: r-devel-linux-x86_64-fedora-clang, r-release-macos-x86_64, r-oldrel-macos-x86_64