CRAN Package Check Results for Package huge

Last updated on 2020-01-26 10:47:18 CET.

Flavor Version Tinstall Tcheck Ttotal Status Flags
r-devel-linux-x86_64-debian-clang 1.3.4 71.19 127.08 198.27 OK
r-devel-linux-x86_64-debian-gcc 1.3.4 50.74 102.65 153.39 OK
r-devel-linux-x86_64-fedora-clang 1.3.4 256.56 NOTE
r-devel-linux-x86_64-fedora-gcc 1.3.4 245.76 OK
r-devel-windows-ix86+x86_64 1.3.4 165.00 268.00 433.00 OK
r-devel-windows-ix86+x86_64-gcc8 1.3.4 177.00 256.00 433.00 OK
r-patched-linux-x86_64 1.3.4 58.91 117.02 175.93 OK
r-patched-solaris-x86 1.3.4 276.80 OK
r-release-linux-x86_64 1.3.4 55.71 116.31 172.02 OK
r-release-windows-ix86+x86_64 1.3.4 117.00 196.00 313.00 OK
r-release-osx-x86_64 1.3.4 NOTE
r-oldrel-windows-ix86+x86_64 1.3.4 113.00 179.00 292.00 ERROR
r-oldrel-osx-x86_64 1.3.4 NOTE

Check Details

Version: 1.3.4
Check: installed package size
Result: NOTE
     installed size is 9.4Mb
     sub-directories of 1Mb or more:
     libs 7.6Mb
Flavors: r-devel-linux-x86_64-fedora-clang, r-release-osx-x86_64, r-oldrel-osx-x86_64

Version: 1.3.4
Check: whether package can be installed
Result: ERROR
    Installation failed.
Flavor: r-oldrel-windows-ix86+x86_64