CRAN Package Check Results for Package html2R

Last updated on 2022-08-16 11:49:34 CEST.

Flavor Version Tinstall Tcheck Ttotal Status Flags
r-devel-linux-x86_64-debian-clang 0.1.0 4.38 39.34 43.72 NOTE
r-devel-linux-x86_64-debian-gcc 0.1.0 3.71 30.74 34.45 NOTE
r-devel-linux-x86_64-fedora-clang 0.1.0 64.33 NOTE
r-devel-linux-x86_64-fedora-gcc 0.1.0 61.42 NOTE
r-devel-windows-x86_64 0.1.0 9.00 64.00 73.00 NOTE
r-patched-linux-x86_64 0.1.0 4.58 37.98 42.56 NOTE
r-release-linux-x86_64 0.1.0 3.90 38.36 42.26 NOTE
r-release-macos-arm64 0.1.0 21.00 NOTE
r-release-macos-x86_64 0.1.0 36.00 NOTE
r-release-windows-x86_64 0.1.0 10.00 66.00 76.00 NOTE
r-oldrel-macos-arm64 0.1.0 25.00 NOTE
r-oldrel-macos-x86_64 0.1.0 35.00 NOTE
r-oldrel-windows-ix86+x86_64 0.1.0 13.00 64.00 77.00 NOTE

Check Details

Version: 0.1.0
Check: LazyData
Result: NOTE
     'LazyData' is specified without a 'data' directory
Flavors: r-devel-linux-x86_64-debian-clang, r-devel-linux-x86_64-debian-gcc, r-devel-linux-x86_64-fedora-clang, r-devel-linux-x86_64-fedora-gcc, r-devel-windows-x86_64, r-patched-linux-x86_64, r-release-linux-x86_64, r-release-macos-arm64, r-release-macos-x86_64, r-release-windows-x86_64, r-oldrel-macos-arm64, r-oldrel-macos-x86_64, r-oldrel-windows-ix86+x86_64