CRAN Package Check Results for Package hsdar

Last updated on 2021-09-28 09:53:19 CEST.

Flavor Version Tinstall Tcheck Ttotal Status Flags
r-devel-linux-x86_64-debian-clang 1.0.3 64.74 350.08 414.82 OK
r-devel-linux-x86_64-debian-gcc 1.0.3 50.61 256.82 307.43 OK
r-devel-linux-x86_64-fedora-clang 1.0.3 526.77 NOTE
r-devel-linux-x86_64-fedora-gcc 1.0.3 490.35 OK
r-devel-windows-x86_64 1.0.3 81.00 307.00 388.00 NOTE
r-devel-windows-x86_64-gcc10-UCRT 1.0.3 OK
r-patched-linux-x86_64 1.0.3 67.45 330.92 398.37 OK
r-patched-solaris-x86 1.0.3 674.90 NOTE
r-release-linux-x86_64 1.0.3 55.35 331.38 386.73 OK
r-release-macos-arm64 1.0.3 NOTE
r-release-macos-x86_64 1.0.3 NOTE
r-release-windows-ix86+x86_64 1.0.3 135.00 410.00 545.00 NOTE
r-oldrel-macos-x86_64 1.0.3 NOTE
r-oldrel-windows-ix86+x86_64 1.0.3 91.00 396.00 487.00 NOTE

Check Details

Version: 1.0.3
Check: installed package size
Result: NOTE
     installed size is 6.0Mb
     sub-directories of 1Mb or more:
     R 1.8Mb
     doc 2.5Mb
Flavors: r-devel-linux-x86_64-fedora-clang, r-devel-windows-x86_64, r-patched-solaris-x86, r-release-macos-arm64, r-release-macos-x86_64, r-release-windows-ix86+x86_64, r-oldrel-macos-x86_64, r-oldrel-windows-ix86+x86_64