Last updated on 2024-04-23 10:54:05 CEST.
Flavor | Version | Tinstall | Tcheck | Ttotal | Status | Flags |
---|---|---|---|---|---|---|
r-devel-linux-x86_64-debian-clang | 0.8.7 | 10.47 | 74.98 | 85.45 | OK | |
r-devel-linux-x86_64-debian-gcc | 0.8.7 | 6.22 | 56.41 | 62.63 | OK | |
r-devel-linux-x86_64-fedora-clang | 0.8.7 | 106.89 | NOTE | |||
r-devel-linux-x86_64-fedora-gcc | 0.8.7 | 101.18 | OK | |||
r-prerel-macos-arm64 | 0.8.7 | 32.00 | OK | |||
r-prerel-macos-x86_64 | 0.8.7 | 60.00 | OK | |||
r-prerel-windows-x86_64 | 0.8.7 | 11.00 | 78.00 | 89.00 | OK | |
r-patched-linux-x86_64 | 0.8.7 | 12.64 | 72.10 | 84.74 | OK | |
r-release-linux-x86_64 | 0.8.7 | 6.87 | 69.69 | 76.56 | OK | |
r-release-macos-arm64 | 0.8.7 | 37.00 | OK | |||
r-release-macos-x86_64 | 0.8.7 | 61.00 | OK | |||
r-release-windows-x86_64 | 0.8.7 | 14.00 | 89.00 | 103.00 | OK | |
r-oldrel-macos-arm64 | 0.8.7 | 37.00 | OK | |||
r-oldrel-windows-x86_64 | 0.8.7 | 14.00 | 88.00 | 102.00 | OK |
Version: 0.8.7
Check: Rd cross-references
Result: NOTE
Undeclared package ‘rlang’ in Rd xrefs
Flavor: r-devel-linux-x86_64-fedora-clang