CRAN Package Check Results for Package holodeck

Last updated on 2020-08-04 09:48:29 CEST.

Flavor Version Tinstall Tcheck Ttotal Status Flags
r-devel-linux-x86_64-debian-clang 0.2.1 3.86 86.34 90.20 OK
r-devel-linux-x86_64-debian-gcc 0.2.1 2.99 64.52 67.51 OK
r-devel-linux-x86_64-fedora-clang 0.2.1 114.81 OK
r-devel-linux-x86_64-fedora-gcc 0.2.1 106.67 OK
r-devel-windows-ix86+x86_64 0.2.1 18.00 91.00 109.00 OK
r-patched-linux-x86_64 0.2.1 3.85 85.78 89.63 OK
r-patched-solaris-x86 0.2.1 138.70 OK
r-release-linux-x86_64 0.2.1 3.04 42.08 45.12 WARN
r-release-macos-x86_64 0.2.1 OK
r-release-windows-ix86+x86_64 0.2.1 14.00 48.00 62.00 WARN
r-oldrel-macos-x86_64 0.2.1 OK
r-oldrel-windows-ix86+x86_64 0.2.1 9.00 47.00 56.00 WARN

Check Details

Version: 0.2.1
Check: re-building of vignette outputs
Result: WARN
    Error(s) in re-building vignettes:
     ...
    --- re-building ‘simulating-data.Rmd’ using rmarkdown
    
    Attaching package: 'dplyr'
    
    The following objects are masked from 'package:stats':
    
     filter, lag
    
    The following objects are masked from 'package:base':
    
     intersect, setdiff, setequal, union
    
    
    Attaching package: 'mice'
    
    The following objects are masked from 'package:base':
    
     cbind, rbind
    
    Quitting from lines 165-168 (simulating-data.Rmd)
    Error: processing vignette 'simulating-data.Rmd' failed with diagnostics:
    function ‘enterRNGScope’ not provided by package ‘Rcpp’
    --- failed re-building ‘simulating-data.Rmd’
    
    SUMMARY: processing the following file failed:
     ‘simulating-data.Rmd’
    
    Error: Vignette re-building failed.
    Execution halted
Flavor: r-release-linux-x86_64

Version: 0.2.1
Check: re-building of vignette outputs
Result: WARN
    Error(s) in re-building vignettes:
    --- re-building 'simulating-data.Rmd' using rmarkdown
    
    Attaching package: 'dplyr'
    
    The following objects are masked from 'package:stats':
    
     filter, lag
    
    The following objects are masked from 'package:base':
    
     intersect, setdiff, setequal, union
    
    
    Attaching package: 'mice'
    
    The following objects are masked from 'package:base':
    
     cbind, rbind
    
    Quitting from lines 165-168 (simulating-data.Rmd)
    Error: processing vignette 'simulating-data.Rmd' failed with diagnostics:
    function 'enterRNGScope' not provided by package 'Rcpp'
    --- failed re-building 'simulating-data.Rmd'
    
    SUMMARY: processing the following file failed:
     'simulating-data.Rmd'
    
    Error: Vignette re-building failed.
    Execution halted
Flavors: r-release-windows-ix86+x86_64, r-oldrel-windows-ix86+x86_64